{"id":139,"date":"2015-05-21T05:20:44","date_gmt":"2015-05-20T22:20:44","guid":{"rendered":"http:\/\/uniondelbarrio.org\/esp\/?page_id=139"},"modified":"2025-02-22T20:37:02","modified_gmt":"2025-02-23T04:37:02","slug":"contactos-y-informacion","status":"publish","type":"page","link":"https:\/\/uniondelbarrio.org\/esp\/contactos-y-informacion\/","title":{"rendered":"Contactos Y Informaci\u00f3n"},"content":{"rendered":"<p><strong><span style=\"color: #993300;\">Direcci\u00f3n Nacional Uni\u00f3n del Barrio<\/span>:<\/strong> P.O. Box 13036, San Diego, CA 92170. Tel\u00e9fono: 619\/398-6648. Email: &lt;comitecentral@uniondelbarrio.org&gt;.<\/p>\n<p><strong><span style=\"color: #993300;\">Uni\u00f3n del Barrio de Los Angeles, CA \u2013 Comit\u00e9 Local Patricia Mar\u00edn<\/span>: <\/strong>Tel\u00e9fono: 213\/444-6525. Email: &lt;info_la@uniondelbarrio.org&gt;.<\/p>\n<p><strong><span style=\"color: #993300;\">Uni\u00f3n del Barrio de New York City, NY<\/span>:<\/strong> Email: &lt;info@uniondelbarrio.org&gt;.<\/p>\n<p><strong><span style=\"color: #993300;\">Uni\u00f3n del Barrio del Condado Norte de San Diego, CA<\/span>:<\/strong> Tel\u00e9fono: 760\/913-0306. Email: &lt;info_sd@uniondelbarrio.org&gt;.<\/p>\n<p><strong><span style=\"color: #993300;\">Uni\u00f3n del Barrio de San Diego, CA \u2013 Comit\u00e9 Local Francisco Villa<\/span>:<\/strong> Centro Aztlan Marco Anguiano, San Diego, CA 92113. Tel\u00e9fono: 619\/398-6648. Email: &lt;info_sd@uniondelbarrio.org&gt;.<\/p>\n<hr \/>\n<p style=\"text-align: left;\"><strong>Una\u00a0Contribuci\u00f3n a Uni\u00f3n del Barrio &#8211; LVP<\/strong>:<\/p>\n<p style=\"text-align: left;\"><input alt=\"PayPal - The safer, easier way to pay online!\" name=\"submit\" src=\"https:\/\/www.paypalobjects.com\/en_US\/i\/btn\/btn_donate_LG.gif\" type=\"image\" \/><br \/>\n<img loading=\"lazy\" decoding=\"async\" class=\"aligncenter\" src=\"https:\/\/www.paypalobjects.com\/en_US\/i\/scr\/pixel.gif\" alt=\"\" width=\"1\" height=\"1\" border=\"0\" \/><\/p>\n","protected":false},"excerpt":{"rendered":"<p>Direcci\u00f3n Nacional Uni\u00f3n del Barrio: P.O. Box 13036, San Diego, CA 92170. Tel\u00e9fono: 619\/398-6648. Email: &lt;comitecentral@uniondelbarrio.org&gt;. Uni\u00f3n del Barrio de Los Angeles, CA \u2013 Comit\u00e9 Local Patricia Mar\u00edn: Tel\u00e9fono: 213\/444-6525. Email: &lt;info_la@uniondelbarrio.org&gt;. Uni\u00f3n del Barrio de New York City, NY: Email: &lt;info@uniondelbarrio.org&gt;. Uni\u00f3n del Barrio del Condado Norte de San Diego, CA: Tel\u00e9fono: 760\/913-0306. Email: [&hellip;]<\/p>\n","protected":false},"author":1,"featured_media":0,"parent":0,"menu_order":0,"comment_status":"closed","ping_status":"closed","template":"","meta":{"footnotes":""},"class_list":["post-139","page","type-page","status-publish","hentry"],"yoast_head":"<!-- This site is optimized with the Yoast SEO plugin v27.4 - https:\/\/yoast.com\/product\/yoast-seo-wordpress\/ -->\n<title>Contactos Y Informaci\u00f3n - UdB en espa\u00f1ol<\/title>\n<meta name=\"robots\" content=\"index, follow, max-snippet:-1, max-image-preview:large, max-video-preview:-1\" \/>\n<link rel=\"canonical\" href=\"https:\/\/uniondelbarrio.org\/esp\/contactos-y-informacion\/\" \/>\n<meta property=\"og:locale\" content=\"en_US\" \/>\n<meta property=\"og:type\" content=\"article\" \/>\n<meta property=\"og:title\" content=\"Contactos Y Informaci\u00f3n - UdB en espa\u00f1ol\" \/>\n<meta property=\"og:description\" content=\"Direcci\u00f3n Nacional Uni\u00f3n del Barrio: P.O. Box 13036, San Diego, CA 92170. Tel\u00e9fono: 619\/398-6648. Email: &lt;comitecentral@uniondelbarrio.org&gt;. Uni\u00f3n del Barrio de Los Angeles, CA \u2013 Comit\u00e9 Local Patricia Mar\u00edn: Tel\u00e9fono: 213\/444-6525. Email: &lt;info_la@uniondelbarrio.org&gt;. Uni\u00f3n del Barrio de New York City, NY: Email: &lt;info@uniondelbarrio.org&gt;. Uni\u00f3n del Barrio del Condado Norte de San Diego, CA: Tel\u00e9fono: 760\/913-0306. Email: [&hellip;]\" \/>\n<meta property=\"og:url\" content=\"https:\/\/uniondelbarrio.org\/esp\/contactos-y-informacion\/\" \/>\n<meta property=\"og:site_name\" content=\"UdB en espa\u00f1ol\" \/>\n<meta property=\"article:publisher\" content=\"https:\/\/www.facebook.com\/UniondelBarrio\" \/>\n<meta property=\"article:modified_time\" content=\"2025-02-23T04:37:02+00:00\" \/>\n<meta property=\"og:image\" content=\"https:\/\/www.paypalobjects.com\/en_US\/i\/scr\/pixel.gif\" \/>\n<meta name=\"twitter:card\" content=\"summary_large_image\" \/>\n<meta name=\"twitter:site\" content=\"@UniondelBarrio\" \/>\n<meta name=\"twitter:label1\" content=\"Est. reading time\" \/>\n\t<meta name=\"twitter:data1\" content=\"1 minute\" \/>\n<script type=\"application\/ld+json\" class=\"yoast-schema-graph\">{\"@context\":\"https:\\\/\\\/schema.org\",\"@graph\":[{\"@type\":\"WebPage\",\"@id\":\"https:\\\/\\\/uniondelbarrio.org\\\/esp\\\/contactos-y-informacion\\\/\",\"url\":\"https:\\\/\\\/uniondelbarrio.org\\\/esp\\\/contactos-y-informacion\\\/\",\"name\":\"Contactos Y Informaci\u00f3n - UdB en espa\u00f1ol\",\"isPartOf\":{\"@id\":\"https:\\\/\\\/uniondelbarrio.org\\\/esp\\\/#website\"},\"primaryImageOfPage\":{\"@id\":\"https:\\\/\\\/uniondelbarrio.org\\\/esp\\\/contactos-y-informacion\\\/#primaryimage\"},\"image\":{\"@id\":\"https:\\\/\\\/uniondelbarrio.org\\\/esp\\\/contactos-y-informacion\\\/#primaryimage\"},\"thumbnailUrl\":\"https:\\\/\\\/www.paypalobjects.com\\\/en_US\\\/i\\\/scr\\\/pixel.gif\",\"datePublished\":\"2015-05-20T22:20:44+00:00\",\"dateModified\":\"2025-02-23T04:37:02+00:00\",\"breadcrumb\":{\"@id\":\"https:\\\/\\\/uniondelbarrio.org\\\/esp\\\/contactos-y-informacion\\\/#breadcrumb\"},\"inLanguage\":\"en-US\",\"potentialAction\":[{\"@type\":\"ReadAction\",\"target\":[\"https:\\\/\\\/uniondelbarrio.org\\\/esp\\\/contactos-y-informacion\\\/\"]}]},{\"@type\":\"ImageObject\",\"inLanguage\":\"en-US\",\"@id\":\"https:\\\/\\\/uniondelbarrio.org\\\/esp\\\/contactos-y-informacion\\\/#primaryimage\",\"url\":\"https:\\\/\\\/www.paypalobjects.com\\\/en_US\\\/i\\\/scr\\\/pixel.gif\",\"contentUrl\":\"https:\\\/\\\/www.paypalobjects.com\\\/en_US\\\/i\\\/scr\\\/pixel.gif\"},{\"@type\":\"BreadcrumbList\",\"@id\":\"https:\\\/\\\/uniondelbarrio.org\\\/esp\\\/contactos-y-informacion\\\/#breadcrumb\",\"itemListElement\":[{\"@type\":\"ListItem\",\"position\":1,\"name\":\"Home\",\"item\":\"https:\\\/\\\/uniondelbarrio.org\\\/esp\\\/\"},{\"@type\":\"ListItem\",\"position\":2,\"name\":\"Contactos Y Informaci\u00f3n\"}]},{\"@type\":\"WebSite\",\"@id\":\"https:\\\/\\\/uniondelbarrio.org\\\/esp\\\/#website\",\"url\":\"https:\\\/\\\/uniondelbarrio.org\\\/esp\\\/\",\"name\":\"UdB en espa\u00f1ol\",\"description\":\"Concientizaci\u00f3n, Organizaci\u00f3n, Acci\u00f3n y Liberaci\u00f3n\",\"potentialAction\":[{\"@type\":\"SearchAction\",\"target\":{\"@type\":\"EntryPoint\",\"urlTemplate\":\"https:\\\/\\\/uniondelbarrio.org\\\/esp\\\/?s={search_term_string}\"},\"query-input\":{\"@type\":\"PropertyValueSpecification\",\"valueRequired\":true,\"valueName\":\"search_term_string\"}}],\"inLanguage\":\"en-US\"}]}<\/script>\n<!-- \/ Yoast SEO plugin. -->","yoast_head_json":{"title":"Contactos Y Informaci\u00f3n - UdB en espa\u00f1ol","robots":{"index":"index","follow":"follow","max-snippet":"max-snippet:-1","max-image-preview":"max-image-preview:large","max-video-preview":"max-video-preview:-1"},"canonical":"https:\/\/uniondelbarrio.org\/esp\/contactos-y-informacion\/","og_locale":"en_US","og_type":"article","og_title":"Contactos Y Informaci\u00f3n - UdB en espa\u00f1ol","og_description":"Direcci\u00f3n Nacional Uni\u00f3n del Barrio: P.O. Box 13036, San Diego, CA 92170. Tel\u00e9fono: 619\/398-6648. Email: &lt;comitecentral@uniondelbarrio.org&gt;. Uni\u00f3n del Barrio de Los Angeles, CA \u2013 Comit\u00e9 Local Patricia Mar\u00edn: Tel\u00e9fono: 213\/444-6525. Email: &lt;info_la@uniondelbarrio.org&gt;. Uni\u00f3n del Barrio de New York City, NY: Email: &lt;info@uniondelbarrio.org&gt;. Uni\u00f3n del Barrio del Condado Norte de San Diego, CA: Tel\u00e9fono: 760\/913-0306. Email: [&hellip;]","og_url":"https:\/\/uniondelbarrio.org\/esp\/contactos-y-informacion\/","og_site_name":"UdB en espa\u00f1ol","article_publisher":"https:\/\/www.facebook.com\/UniondelBarrio","article_modified_time":"2025-02-23T04:37:02+00:00","og_image":[{"url":"https:\/\/www.paypalobjects.com\/en_US\/i\/scr\/pixel.gif","type":"","width":"","height":""}],"twitter_card":"summary_large_image","twitter_site":"@UniondelBarrio","twitter_misc":{"Est. reading time":"1 minute"},"schema":{"@context":"https:\/\/schema.org","@graph":[{"@type":"WebPage","@id":"https:\/\/uniondelbarrio.org\/esp\/contactos-y-informacion\/","url":"https:\/\/uniondelbarrio.org\/esp\/contactos-y-informacion\/","name":"Contactos Y Informaci\u00f3n - UdB en espa\u00f1ol","isPartOf":{"@id":"https:\/\/uniondelbarrio.org\/esp\/#website"},"primaryImageOfPage":{"@id":"https:\/\/uniondelbarrio.org\/esp\/contactos-y-informacion\/#primaryimage"},"image":{"@id":"https:\/\/uniondelbarrio.org\/esp\/contactos-y-informacion\/#primaryimage"},"thumbnailUrl":"https:\/\/www.paypalobjects.com\/en_US\/i\/scr\/pixel.gif","datePublished":"2015-05-20T22:20:44+00:00","dateModified":"2025-02-23T04:37:02+00:00","breadcrumb":{"@id":"https:\/\/uniondelbarrio.org\/esp\/contactos-y-informacion\/#breadcrumb"},"inLanguage":"en-US","potentialAction":[{"@type":"ReadAction","target":["https:\/\/uniondelbarrio.org\/esp\/contactos-y-informacion\/"]}]},{"@type":"ImageObject","inLanguage":"en-US","@id":"https:\/\/uniondelbarrio.org\/esp\/contactos-y-informacion\/#primaryimage","url":"https:\/\/www.paypalobjects.com\/en_US\/i\/scr\/pixel.gif","contentUrl":"https:\/\/www.paypalobjects.com\/en_US\/i\/scr\/pixel.gif"},{"@type":"BreadcrumbList","@id":"https:\/\/uniondelbarrio.org\/esp\/contactos-y-informacion\/#breadcrumb","itemListElement":[{"@type":"ListItem","position":1,"name":"Home","item":"https:\/\/uniondelbarrio.org\/esp\/"},{"@type":"ListItem","position":2,"name":"Contactos Y Informaci\u00f3n"}]},{"@type":"WebSite","@id":"https:\/\/uniondelbarrio.org\/esp\/#website","url":"https:\/\/uniondelbarrio.org\/esp\/","name":"UdB en espa\u00f1ol","description":"Concientizaci\u00f3n, Organizaci\u00f3n, Acci\u00f3n y Liberaci\u00f3n","potentialAction":[{"@type":"SearchAction","target":{"@type":"EntryPoint","urlTemplate":"https:\/\/uniondelbarrio.org\/esp\/?s={search_term_string}"},"query-input":{"@type":"PropertyValueSpecification","valueRequired":true,"valueName":"search_term_string"}}],"inLanguage":"en-US"}]}},"_links":{"self":[{"href":"https:\/\/uniondelbarrio.org\/esp\/wp-json\/wp\/v2\/pages\/139","targetHints":{"allow":["GET"]}}],"collection":[{"href":"https:\/\/uniondelbarrio.org\/esp\/wp-json\/wp\/v2\/pages"}],"about":[{"href":"https:\/\/uniondelbarrio.org\/esp\/wp-json\/wp\/v2\/types\/page"}],"author":[{"embeddable":true,"href":"https:\/\/uniondelbarrio.org\/esp\/wp-json\/wp\/v2\/users\/1"}],"replies":[{"embeddable":true,"href":"https:\/\/uniondelbarrio.org\/esp\/wp-json\/wp\/v2\/comments?post=139"}],"version-history":[{"count":6,"href":"https:\/\/uniondelbarrio.org\/esp\/wp-json\/wp\/v2\/pages\/139\/revisions"}],"predecessor-version":[{"id":1348,"href":"https:\/\/uniondelbarrio.org\/esp\/wp-json\/wp\/v2\/pages\/139\/revisions\/1348"}],"wp:attachment":[{"href":"https:\/\/uniondelbarrio.org\/esp\/wp-json\/wp\/v2\/media?parent=139"}],"curies":[{"name":"wp","href":"https:\/\/api.w.org\/{rel}","templated":true}]}}