{"id":301,"date":"2016-08-20T23:21:27","date_gmt":"2016-08-20T16:21:27","guid":{"rendered":"http:\/\/uniondelbarrio.org\/esp\/?page_id=301"},"modified":"2017-04-21T22:32:27","modified_gmt":"2017-04-21T15:32:27","slug":"la-ciencia-de-la-lucha","status":"publish","type":"page","link":"https:\/\/uniondelbarrio.org\/esp\/luchar\/la-ciencia-de-la-lucha\/","title":{"rendered":"La Lucha Organizada Es Una Ciencia"},"content":{"rendered":"<p><a href=\"http:\/\/uniondelbarrio.org\/main\/?page_id=14\" target=\"_blank\" rel=\"noopener noreferrer\"><img loading=\"lazy\" decoding=\"async\" class=\"alignright wp-image-215 size-full\" src=\"https:\/\/uniondelbarrio.org\/esp\/wp-content\/uploads\/2016\/05\/englishversionbutton.png\" alt=\"\" width=\"184\" height=\"64\" \/><\/a>Si tenemos la esperanza de mejorar las condiciones de vida para nuestra comunidad, en lo m\u00ednimo tenemos que estar organizados <em>al mismo nivel<\/em> que esas fuerzas pol\u00edticas y econ\u00f3micas que nos oprimen, y mantener una disciplina a la par con quienes trabajar incesantemente para mantener a nuestras comunidades pol\u00edticamente marginadas. Si nuestra intenci\u00f3n es de cambiar fundamentalmente nuestro futuro colectivo, mediante la lucha por la liberaci\u00f3n, entonces no deber\u00eda quedar duda &#8211; tenemos que estar <em>mejor<\/em> organizados que cualquier fuerza que ser\u00e1 dirigida en contra de nuestro pueblo.<\/p>\n<p><img loading=\"lazy\" decoding=\"async\" class=\"alignright wp-image-593\" src=\"https:\/\/uniondelbarrio.org\/esp\/wp-content\/uploads\/2017\/04\/UdBwebpageMemeTemplate-214x300.png\" alt=\"\" width=\"290\" height=\"407\" srcset=\"https:\/\/uniondelbarrio.org\/esp\/wp-content\/uploads\/2017\/04\/UdBwebpageMemeTemplate-214x300.png 214w, https:\/\/uniondelbarrio.org\/esp\/wp-content\/uploads\/2017\/04\/UdBwebpageMemeTemplate.png 535w\" sizes=\"auto, (max-width: 290px) 100vw, 290px\" \/>La protesta por si sola, no lograr\u00e1 el cambio pol\u00edtico, econ\u00f3mico y social que necesitamos. La retorica radical por si solo no ser\u00e1 suficiente; la historia y las condiciones objetivas confirman que el cambio solo se puede dar mediante la lucha organizada por la liberaci\u00f3n.<\/p>\n<p><strong><span style=\"color: #993300;\">Necesitamos una divisi\u00f3n org\u00e1nica del trabajo pol\u00edtico.<\/span> <\/strong><\/p>\n<p>Uni\u00f3n del Barrio se form\u00f3 bajo el principio de la organizaci\u00f3n, y siempre hemos reconocido que la organizaci\u00f3n es esencial en la lucha pol\u00edtica. Desde 1981 hemos tomado en cuenta los aciertos y debilidades de las luchas y organizaciones mas avanzadas de nuestros pueblos dentro y fuera de las fronteras pol\u00edticas del imperio; la Panteras Negras, el Partido de la Raza Unida, el \u201cCrusade for Justice,\u201d el Movimiento Ind\u00edgena de Am\u00e9rica (AIM, por sus siglas en ingles) &#8211; la Revoluci\u00f3n Cubana, el movimiento estudiantil mexicano de los a\u00f1os 60, la Unidad Popular en Chile, el movimiento Zapatista de 1994, y la Revoluci\u00f3n Bolivariana de Venezuela, entre otros. Son estas formas de lucha que se basan en la unidad pol\u00edtica que Uni\u00f3n del Barrio intenta reproducir y enriquecer. Vemos a estos movimientos como un referente de haber logrado movilizar a nuestro \u00fanico recurso para sostener el poder pol\u00edtico y econ\u00f3mico &#8211; el poder de las masas trabajadoras.<\/p>\n<p>El poder de las masas se materializa solo cuando esta masa est\u00e1 org\u00e1nicamente conectada a los intereses de la clase trabajadora. El poder del pueblo es sostenible solo cuando se basa en principios pol\u00edticos, la solidaridad internacional, y lucha de clase. Es por eso que Uni\u00f3n del Barrio ha desarrollado los 3 objetivos estrat\u00e9gicos para guiar toda \u00e1reas de lucha comunitaria para la construcci\u00f3n del poder del pueblo.<\/p>\n<ul>\n<li><span style=\"color: #993300;\"><strong>Auto-Defensa Comunitaria<\/strong>:<\/span> Necesitamos construir Uni\u00f3n del Barrio para que se transforme en partido revolucionario que logre proveer la defensa inmediata para nuestra comunidad y dentro de cada sector de nuestro pueblo. Las condiciones objetivas de nuestro pueblo est\u00e1n verdaderamente terrible y seguramente seguir\u00e1n empeorando si no nos organizamos.<\/li>\n<li><span style=\"color: #993300;\"><strong>El Poder Dual y de Lucha<\/strong>:<\/span> Vivimos en un imperio en decadencia, que es m\u00e1s peligroso dom\u00e9sticamente y a nivel internacional que un imperio en ascenso. Es por esto que debemos de construir un partido capaz de proveer las condiciones para edificar una econom\u00eda, guiada por una pol\u00edtica propia, desarrollando una cultura e ideolog\u00eda que promueva la auto-determinaci\u00f3n y auto-suficiencia dentro de cada sector de nuestro pueblo que vive dentro de las fronteras pol\u00edticas de los EEUU.<\/li>\n<li><span style=\"color: #993300;\"><strong>Retaguardia para Nuestra Am\u00e9rica<\/strong>:<\/span> Tenemos que hacer el trabajo de los primero dos objetivos con el entendimiento que tenemos un papel fundamental en la lucha hist\u00f3rica de los pueblos de Nuestra Am\u00e9rica al sur de la frontera imperial, para formar una retaguardia del los procesos revolucionarios en marcha por liberar a nuestro pueblo y construir el socialismo.<\/li>\n<\/ul>\n<p>Cuando establecemos estas 3 metas estrat\u00e9gicas, dentro de los <a href=\"https:\/\/uniondelbarrio.org\/esp\/?page_id=294\">11 sectores de lucha comunitaria<\/a>, lograremos la edificaci\u00f3n de un \u201cpartido revolucionario\u201d, no por decreto o porque nos hemos auto-identificado como \u201crevolucionarios\u201d, pero porque ser\u00e1 evidente y se expresar\u00e1 mediante el trabajo local defendiendo y avanzando los intereses materiales y bienestar de nuestras comunidades, mientras sigue avanzando nuestro trabajo ideol\u00f3gico por la causa del socialismo, y creando la unidad con el movimiento continental hacia este fin.<\/p>\n<p>Solo un partido como este lograr\u00e1 que comprendamos como responder a los m\u00faltiples niveles de crisis y represi\u00f3n que es impuesto por el capitalismo y el colonialismo. Solo un partido revolucionario nos puede proveer la auto-defensa, y solo un partido puede servir como el veh\u00edculo para articular y realizar un futuro basado en nuestro inter\u00e9s como clase &#8211; el inter\u00e9s de una Nuestra Am\u00e9rica unificada bajo el socialismo.<\/p>\n","protected":false},"excerpt":{"rendered":"<p>Si tenemos la esperanza de mejorar las condiciones de vida para nuestra comunidad, en lo m\u00ednimo tenemos que estar organizados al mismo nivel que esas fuerzas pol\u00edticas y econ\u00f3micas que nos oprimen, y mantener una disciplina a la par con quienes trabajar incesantemente para mantener a nuestras comunidades pol\u00edticamente marginadas. Si nuestra intenci\u00f3n es de [&hellip;]<\/p>\n","protected":false},"author":1,"featured_media":0,"parent":10,"menu_order":0,"comment_status":"closed","ping_status":"closed","template":"","meta":{"footnotes":""},"class_list":["post-301","page","type-page","status-publish","hentry"],"yoast_head":"<!-- This site is optimized with the Yoast SEO plugin v27.4 - https:\/\/yoast.com\/product\/yoast-seo-wordpress\/ -->\n<title>La Lucha Organizada Es Una Ciencia - UdB en espa\u00f1ol<\/title>\n<meta name=\"robots\" content=\"index, follow, max-snippet:-1, max-image-preview:large, max-video-preview:-1\" \/>\n<link rel=\"canonical\" href=\"https:\/\/uniondelbarrio.org\/esp\/luchar\/la-ciencia-de-la-lucha\/\" \/>\n<meta property=\"og:locale\" content=\"en_US\" \/>\n<meta property=\"og:type\" content=\"article\" \/>\n<meta property=\"og:title\" content=\"La Lucha Organizada Es Una Ciencia - UdB en espa\u00f1ol\" \/>\n<meta property=\"og:description\" content=\"Si tenemos la esperanza de mejorar las condiciones de vida para nuestra comunidad, en lo m\u00ednimo tenemos que estar organizados al mismo nivel que esas fuerzas pol\u00edticas y econ\u00f3micas que nos oprimen, y mantener una disciplina a la par con quienes trabajar incesantemente para mantener a nuestras comunidades pol\u00edticamente marginadas. Si nuestra intenci\u00f3n es de [&hellip;]\" \/>\n<meta property=\"og:url\" content=\"https:\/\/uniondelbarrio.org\/esp\/luchar\/la-ciencia-de-la-lucha\/\" \/>\n<meta property=\"og:site_name\" content=\"UdB en espa\u00f1ol\" \/>\n<meta property=\"article:publisher\" content=\"https:\/\/www.facebook.com\/UniondelBarrio\" \/>\n<meta property=\"article:modified_time\" content=\"2017-04-21T15:32:27+00:00\" \/>\n<meta property=\"og:image\" content=\"http:\/\/uniondelbarrio.org\/esp\/wp-content\/uploads\/2016\/05\/englishversionbutton.png\" \/>\n<meta name=\"twitter:card\" content=\"summary_large_image\" \/>\n<meta name=\"twitter:site\" content=\"@UniondelBarrio\" \/>\n<meta name=\"twitter:label1\" content=\"Est. reading time\" \/>\n\t<meta name=\"twitter:data1\" content=\"4 minutes\" \/>\n<script type=\"application\/ld+json\" class=\"yoast-schema-graph\">{\"@context\":\"https:\\\/\\\/schema.org\",\"@graph\":[{\"@type\":\"WebPage\",\"@id\":\"https:\\\/\\\/uniondelbarrio.org\\\/esp\\\/luchar\\\/la-ciencia-de-la-lucha\\\/\",\"url\":\"https:\\\/\\\/uniondelbarrio.org\\\/esp\\\/luchar\\\/la-ciencia-de-la-lucha\\\/\",\"name\":\"La Lucha Organizada Es Una Ciencia - UdB en espa\u00f1ol\",\"isPartOf\":{\"@id\":\"https:\\\/\\\/uniondelbarrio.org\\\/esp\\\/#website\"},\"primaryImageOfPage\":{\"@id\":\"https:\\\/\\\/uniondelbarrio.org\\\/esp\\\/luchar\\\/la-ciencia-de-la-lucha\\\/#primaryimage\"},\"image\":{\"@id\":\"https:\\\/\\\/uniondelbarrio.org\\\/esp\\\/luchar\\\/la-ciencia-de-la-lucha\\\/#primaryimage\"},\"thumbnailUrl\":\"http:\\\/\\\/uniondelbarrio.org\\\/esp\\\/wp-content\\\/uploads\\\/2016\\\/05\\\/englishversionbutton.png\",\"datePublished\":\"2016-08-20T16:21:27+00:00\",\"dateModified\":\"2017-04-21T15:32:27+00:00\",\"breadcrumb\":{\"@id\":\"https:\\\/\\\/uniondelbarrio.org\\\/esp\\\/luchar\\\/la-ciencia-de-la-lucha\\\/#breadcrumb\"},\"inLanguage\":\"en-US\",\"potentialAction\":[{\"@type\":\"ReadAction\",\"target\":[\"https:\\\/\\\/uniondelbarrio.org\\\/esp\\\/luchar\\\/la-ciencia-de-la-lucha\\\/\"]}]},{\"@type\":\"ImageObject\",\"inLanguage\":\"en-US\",\"@id\":\"https:\\\/\\\/uniondelbarrio.org\\\/esp\\\/luchar\\\/la-ciencia-de-la-lucha\\\/#primaryimage\",\"url\":\"http:\\\/\\\/uniondelbarrio.org\\\/esp\\\/wp-content\\\/uploads\\\/2016\\\/05\\\/englishversionbutton.png\",\"contentUrl\":\"http:\\\/\\\/uniondelbarrio.org\\\/esp\\\/wp-content\\\/uploads\\\/2016\\\/05\\\/englishversionbutton.png\"},{\"@type\":\"BreadcrumbList\",\"@id\":\"https:\\\/\\\/uniondelbarrio.org\\\/esp\\\/luchar\\\/la-ciencia-de-la-lucha\\\/#breadcrumb\",\"itemListElement\":[{\"@type\":\"ListItem\",\"position\":1,\"name\":\"Home\",\"item\":\"https:\\\/\\\/uniondelbarrio.org\\\/esp\\\/\"},{\"@type\":\"ListItem\",\"position\":2,\"name\":\"Luchar\",\"item\":\"https:\\\/\\\/uniondelbarrio.org\\\/esp\\\/luchar\\\/\"},{\"@type\":\"ListItem\",\"position\":3,\"name\":\"La Lucha Organizada Es Una Ciencia\"}]},{\"@type\":\"WebSite\",\"@id\":\"https:\\\/\\\/uniondelbarrio.org\\\/esp\\\/#website\",\"url\":\"https:\\\/\\\/uniondelbarrio.org\\\/esp\\\/\",\"name\":\"UdB en espa\u00f1ol\",\"description\":\"Concientizaci\u00f3n, Organizaci\u00f3n, Acci\u00f3n y Liberaci\u00f3n\",\"potentialAction\":[{\"@type\":\"SearchAction\",\"target\":{\"@type\":\"EntryPoint\",\"urlTemplate\":\"https:\\\/\\\/uniondelbarrio.org\\\/esp\\\/?s={search_term_string}\"},\"query-input\":{\"@type\":\"PropertyValueSpecification\",\"valueRequired\":true,\"valueName\":\"search_term_string\"}}],\"inLanguage\":\"en-US\"}]}<\/script>\n<!-- \/ Yoast SEO plugin. -->","yoast_head_json":{"title":"La Lucha Organizada Es Una Ciencia - UdB en espa\u00f1ol","robots":{"index":"index","follow":"follow","max-snippet":"max-snippet:-1","max-image-preview":"max-image-preview:large","max-video-preview":"max-video-preview:-1"},"canonical":"https:\/\/uniondelbarrio.org\/esp\/luchar\/la-ciencia-de-la-lucha\/","og_locale":"en_US","og_type":"article","og_title":"La Lucha Organizada Es Una Ciencia - UdB en espa\u00f1ol","og_description":"Si tenemos la esperanza de mejorar las condiciones de vida para nuestra comunidad, en lo m\u00ednimo tenemos que estar organizados al mismo nivel que esas fuerzas pol\u00edticas y econ\u00f3micas que nos oprimen, y mantener una disciplina a la par con quienes trabajar incesantemente para mantener a nuestras comunidades pol\u00edticamente marginadas. Si nuestra intenci\u00f3n es de [&hellip;]","og_url":"https:\/\/uniondelbarrio.org\/esp\/luchar\/la-ciencia-de-la-lucha\/","og_site_name":"UdB en espa\u00f1ol","article_publisher":"https:\/\/www.facebook.com\/UniondelBarrio","article_modified_time":"2017-04-21T15:32:27+00:00","og_image":[{"url":"http:\/\/uniondelbarrio.org\/esp\/wp-content\/uploads\/2016\/05\/englishversionbutton.png","type":"","width":"","height":""}],"twitter_card":"summary_large_image","twitter_site":"@UniondelBarrio","twitter_misc":{"Est. reading time":"4 minutes"},"schema":{"@context":"https:\/\/schema.org","@graph":[{"@type":"WebPage","@id":"https:\/\/uniondelbarrio.org\/esp\/luchar\/la-ciencia-de-la-lucha\/","url":"https:\/\/uniondelbarrio.org\/esp\/luchar\/la-ciencia-de-la-lucha\/","name":"La Lucha Organizada Es Una Ciencia - UdB en espa\u00f1ol","isPartOf":{"@id":"https:\/\/uniondelbarrio.org\/esp\/#website"},"primaryImageOfPage":{"@id":"https:\/\/uniondelbarrio.org\/esp\/luchar\/la-ciencia-de-la-lucha\/#primaryimage"},"image":{"@id":"https:\/\/uniondelbarrio.org\/esp\/luchar\/la-ciencia-de-la-lucha\/#primaryimage"},"thumbnailUrl":"http:\/\/uniondelbarrio.org\/esp\/wp-content\/uploads\/2016\/05\/englishversionbutton.png","datePublished":"2016-08-20T16:21:27+00:00","dateModified":"2017-04-21T15:32:27+00:00","breadcrumb":{"@id":"https:\/\/uniondelbarrio.org\/esp\/luchar\/la-ciencia-de-la-lucha\/#breadcrumb"},"inLanguage":"en-US","potentialAction":[{"@type":"ReadAction","target":["https:\/\/uniondelbarrio.org\/esp\/luchar\/la-ciencia-de-la-lucha\/"]}]},{"@type":"ImageObject","inLanguage":"en-US","@id":"https:\/\/uniondelbarrio.org\/esp\/luchar\/la-ciencia-de-la-lucha\/#primaryimage","url":"http:\/\/uniondelbarrio.org\/esp\/wp-content\/uploads\/2016\/05\/englishversionbutton.png","contentUrl":"http:\/\/uniondelbarrio.org\/esp\/wp-content\/uploads\/2016\/05\/englishversionbutton.png"},{"@type":"BreadcrumbList","@id":"https:\/\/uniondelbarrio.org\/esp\/luchar\/la-ciencia-de-la-lucha\/#breadcrumb","itemListElement":[{"@type":"ListItem","position":1,"name":"Home","item":"https:\/\/uniondelbarrio.org\/esp\/"},{"@type":"ListItem","position":2,"name":"Luchar","item":"https:\/\/uniondelbarrio.org\/esp\/luchar\/"},{"@type":"ListItem","position":3,"name":"La Lucha Organizada Es Una Ciencia"}]},{"@type":"WebSite","@id":"https:\/\/uniondelbarrio.org\/esp\/#website","url":"https:\/\/uniondelbarrio.org\/esp\/","name":"UdB en espa\u00f1ol","description":"Concientizaci\u00f3n, Organizaci\u00f3n, Acci\u00f3n y Liberaci\u00f3n","potentialAction":[{"@type":"SearchAction","target":{"@type":"EntryPoint","urlTemplate":"https:\/\/uniondelbarrio.org\/esp\/?s={search_term_string}"},"query-input":{"@type":"PropertyValueSpecification","valueRequired":true,"valueName":"search_term_string"}}],"inLanguage":"en-US"}]}},"_links":{"self":[{"href":"https:\/\/uniondelbarrio.org\/esp\/wp-json\/wp\/v2\/pages\/301","targetHints":{"allow":["GET"]}}],"collection":[{"href":"https:\/\/uniondelbarrio.org\/esp\/wp-json\/wp\/v2\/pages"}],"about":[{"href":"https:\/\/uniondelbarrio.org\/esp\/wp-json\/wp\/v2\/types\/page"}],"author":[{"embeddable":true,"href":"https:\/\/uniondelbarrio.org\/esp\/wp-json\/wp\/v2\/users\/1"}],"replies":[{"embeddable":true,"href":"https:\/\/uniondelbarrio.org\/esp\/wp-json\/wp\/v2\/comments?post=301"}],"version-history":[{"count":4,"href":"https:\/\/uniondelbarrio.org\/esp\/wp-json\/wp\/v2\/pages\/301\/revisions"}],"predecessor-version":[{"id":596,"href":"https:\/\/uniondelbarrio.org\/esp\/wp-json\/wp\/v2\/pages\/301\/revisions\/596"}],"up":[{"embeddable":true,"href":"https:\/\/uniondelbarrio.org\/esp\/wp-json\/wp\/v2\/pages\/10"}],"wp:attachment":[{"href":"https:\/\/uniondelbarrio.org\/esp\/wp-json\/wp\/v2\/media?parent=301"}],"curies":[{"name":"wp","href":"https:\/\/api.w.org\/{rel}","templated":true}]}}