{"id":78,"date":"2015-05-20T22:18:16","date_gmt":"2015-05-20T15:18:16","guid":{"rendered":"http:\/\/uniondelbarrio.org\/esp\/?page_id=78"},"modified":"2019-07-07T13:07:25","modified_gmt":"2019-07-07T20:07:25","slug":"lo-que-queremos","status":"publish","type":"page","link":"https:\/\/uniondelbarrio.org\/esp\/sobre-udb\/un-programa-para-proveer-direccion-politica-concientizar-el-pueblo-y-crear-la-lucha-para-la-liberacion-nacional\/lo-que-queremos\/","title":{"rendered":"Lo Que Queremos"},"content":{"rendered":"<div class=\"page\" title=\"Page 8\">\n<div class=\"layoutArea\">\n<div class=\"column\">\n<p><strong>Punto I \u2013 \u00a0<a href=\"https:\/\/uniondelbarrio.org\/esp\/?page_id=80\">Auto-Determinaci\u00f3n, Liberaci\u00f3n Nacional Y Unidad Continental<\/a><\/strong><\/p>\n<p><strong>Punto II \u2013 <a href=\"https:\/\/uniondelbarrio.org\/esp\/?page_id=82\">Democracia Participativa Y Socialismo<\/a><\/strong><\/p>\n<p><strong>Punto III \u2013 <a href=\"https:\/\/uniondelbarrio.org\/esp\/?page_id=84\">La Liberaci\u00f3n Absoluta E Inequ\u00edvoca De Las Mujeres<\/a><\/strong><\/p>\n<p><strong>Punto IV \u2013 <a href=\"https:\/\/uniondelbarrio.org\/esp\/?page_id=968\">La Lucha Por La Camarader\u00eda De Los Sectores LGBTQ+<\/a><\/strong><\/p>\n<p><strong>Punto V \u2013 <a href=\"https:\/\/uniondelbarrio.org\/esp\/?page_id=86\">Emancipaci\u00f3n Ambiental<\/a><\/strong><\/p>\n<p><strong>Punto VI \u2013 <a href=\"https:\/\/uniondelbarrio.org\/esp\/?page_id=88\">Un Partido Revolucionario Para La Liberaci\u00f3n Del Pueblo<\/a><\/strong><\/p>\n<p>&nbsp;<\/p>\n<div class=\"page\" title=\"Page 8\"><\/div>\n<\/div>\n<\/div>\n<\/div>\n","protected":false},"excerpt":{"rendered":"<p>Punto I \u2013 \u00a0Auto-Determinaci\u00f3n, Liberaci\u00f3n Nacional Y Unidad Continental Punto II \u2013 Democracia Participativa Y Socialismo Punto III \u2013 La Liberaci\u00f3n Absoluta E Inequ\u00edvoca De Las Mujeres Punto IV \u2013 La Lucha Por La Camarader\u00eda De Los Sectores LGBTQ+ Punto V \u2013 Emancipaci\u00f3n Ambiental Punto VI \u2013 Un Partido Revolucionario Para La Liberaci\u00f3n Del Pueblo [&hellip;]<\/p>\n","protected":false},"author":1,"featured_media":0,"parent":38,"menu_order":3,"comment_status":"closed","ping_status":"closed","template":"","meta":{"footnotes":""},"class_list":["post-78","page","type-page","status-publish","hentry"],"yoast_head":"<!-- This site is optimized with the Yoast SEO plugin v27.5 - https:\/\/yoast.com\/product\/yoast-seo-wordpress\/ -->\n<title>Lo Que Queremos - UdB en espa\u00f1ol<\/title>\n<meta name=\"robots\" content=\"index, follow, max-snippet:-1, max-image-preview:large, max-video-preview:-1\" \/>\n<link rel=\"canonical\" href=\"https:\/\/uniondelbarrio.org\/esp\/sobre-udb\/un-programa-para-proveer-direccion-politica-concientizar-el-pueblo-y-crear-la-lucha-para-la-liberacion-nacional\/lo-que-queremos\/\" \/>\n<meta property=\"og:locale\" content=\"en_US\" \/>\n<meta property=\"og:type\" content=\"article\" \/>\n<meta property=\"og:title\" content=\"Lo Que Queremos - UdB en espa\u00f1ol\" \/>\n<meta property=\"og:description\" content=\"Punto I \u2013 \u00a0Auto-Determinaci\u00f3n, Liberaci\u00f3n Nacional Y Unidad Continental Punto II \u2013 Democracia Participativa Y Socialismo Punto III \u2013 La Liberaci\u00f3n Absoluta E Inequ\u00edvoca De Las Mujeres Punto IV \u2013 La Lucha Por La Camarader\u00eda De Los Sectores LGBTQ+ Punto V \u2013 Emancipaci\u00f3n Ambiental Punto VI \u2013 Un Partido Revolucionario Para La Liberaci\u00f3n Del Pueblo [&hellip;]\" \/>\n<meta property=\"og:url\" content=\"https:\/\/uniondelbarrio.org\/esp\/sobre-udb\/un-programa-para-proveer-direccion-politica-concientizar-el-pueblo-y-crear-la-lucha-para-la-liberacion-nacional\/lo-que-queremos\/\" \/>\n<meta property=\"og:site_name\" content=\"UdB en espa\u00f1ol\" \/>\n<meta property=\"article:publisher\" content=\"https:\/\/www.facebook.com\/UniondelBarrio\" \/>\n<meta property=\"article:modified_time\" content=\"2019-07-07T20:07:25+00:00\" \/>\n<meta property=\"og:image\" content=\"https:\/\/uniondelbarrio.org\/esp\/wp-content\/uploads\/2021\/04\/ESP_UdB_FBDefaultWeb_1200x628.jpg\" \/>\n\t<meta property=\"og:image:width\" content=\"1200\" \/>\n\t<meta property=\"og:image:height\" content=\"628\" \/>\n\t<meta property=\"og:image:type\" content=\"image\/jpeg\" \/>\n<meta name=\"twitter:card\" content=\"summary_large_image\" \/>\n<meta name=\"twitter:site\" content=\"@UniondelBarrio\" \/>\n<script type=\"application\/ld+json\" class=\"yoast-schema-graph\">{\"@context\":\"https:\\\/\\\/schema.org\",\"@graph\":[{\"@type\":\"WebPage\",\"@id\":\"https:\\\/\\\/uniondelbarrio.org\\\/esp\\\/sobre-udb\\\/un-programa-para-proveer-direccion-politica-concientizar-el-pueblo-y-crear-la-lucha-para-la-liberacion-nacional\\\/lo-que-queremos\\\/\",\"url\":\"https:\\\/\\\/uniondelbarrio.org\\\/esp\\\/sobre-udb\\\/un-programa-para-proveer-direccion-politica-concientizar-el-pueblo-y-crear-la-lucha-para-la-liberacion-nacional\\\/lo-que-queremos\\\/\",\"name\":\"Lo Que Queremos - UdB en espa\u00f1ol\",\"isPartOf\":{\"@id\":\"https:\\\/\\\/uniondelbarrio.org\\\/esp\\\/#website\"},\"datePublished\":\"2015-05-20T15:18:16+00:00\",\"dateModified\":\"2019-07-07T20:07:25+00:00\",\"breadcrumb\":{\"@id\":\"https:\\\/\\\/uniondelbarrio.org\\\/esp\\\/sobre-udb\\\/un-programa-para-proveer-direccion-politica-concientizar-el-pueblo-y-crear-la-lucha-para-la-liberacion-nacional\\\/lo-que-queremos\\\/#breadcrumb\"},\"inLanguage\":\"en-US\",\"potentialAction\":[{\"@type\":\"ReadAction\",\"target\":[\"https:\\\/\\\/uniondelbarrio.org\\\/esp\\\/sobre-udb\\\/un-programa-para-proveer-direccion-politica-concientizar-el-pueblo-y-crear-la-lucha-para-la-liberacion-nacional\\\/lo-que-queremos\\\/\"]}]},{\"@type\":\"BreadcrumbList\",\"@id\":\"https:\\\/\\\/uniondelbarrio.org\\\/esp\\\/sobre-udb\\\/un-programa-para-proveer-direccion-politica-concientizar-el-pueblo-y-crear-la-lucha-para-la-liberacion-nacional\\\/lo-que-queremos\\\/#breadcrumb\",\"itemListElement\":[{\"@type\":\"ListItem\",\"position\":1,\"name\":\"Home\",\"item\":\"https:\\\/\\\/uniondelbarrio.org\\\/esp\\\/\"},{\"@type\":\"ListItem\",\"position\":2,\"name\":\"\u00bfQui\u00e9n Es Uni\u00f3n del Barrio?\",\"item\":\"https:\\\/\\\/uniondelbarrio.org\\\/esp\\\/sobre-udb\\\/\"},{\"@type\":\"ListItem\",\"position\":3,\"name\":\"Un Programa Para Proveer Direcci\u00f3n Pol\u00edtica, Concientizar El Pueblo Y Crear La Lucha Para La Liberaci\u00f3n Nacional\",\"item\":\"https:\\\/\\\/uniondelbarrio.org\\\/esp\\\/sobre-udb\\\/un-programa-para-proveer-direccion-politica-concientizar-el-pueblo-y-crear-la-lucha-para-la-liberacion-nacional\\\/\"},{\"@type\":\"ListItem\",\"position\":4,\"name\":\"Lo Que Queremos\"}]},{\"@type\":\"WebSite\",\"@id\":\"https:\\\/\\\/uniondelbarrio.org\\\/esp\\\/#website\",\"url\":\"https:\\\/\\\/uniondelbarrio.org\\\/esp\\\/\",\"name\":\"UdB en espa\u00f1ol\",\"description\":\"Concientizaci\u00f3n, Organizaci\u00f3n, Acci\u00f3n y Liberaci\u00f3n\",\"potentialAction\":[{\"@type\":\"SearchAction\",\"target\":{\"@type\":\"EntryPoint\",\"urlTemplate\":\"https:\\\/\\\/uniondelbarrio.org\\\/esp\\\/?s={search_term_string}\"},\"query-input\":{\"@type\":\"PropertyValueSpecification\",\"valueRequired\":true,\"valueName\":\"search_term_string\"}}],\"inLanguage\":\"en-US\"}]}<\/script>\n<!-- \/ Yoast SEO plugin. -->","yoast_head_json":{"title":"Lo Que Queremos - UdB en espa\u00f1ol","robots":{"index":"index","follow":"follow","max-snippet":"max-snippet:-1","max-image-preview":"max-image-preview:large","max-video-preview":"max-video-preview:-1"},"canonical":"https:\/\/uniondelbarrio.org\/esp\/sobre-udb\/un-programa-para-proveer-direccion-politica-concientizar-el-pueblo-y-crear-la-lucha-para-la-liberacion-nacional\/lo-que-queremos\/","og_locale":"en_US","og_type":"article","og_title":"Lo Que Queremos - UdB en espa\u00f1ol","og_description":"Punto I \u2013 \u00a0Auto-Determinaci\u00f3n, Liberaci\u00f3n Nacional Y Unidad Continental Punto II \u2013 Democracia Participativa Y Socialismo Punto III \u2013 La Liberaci\u00f3n Absoluta E Inequ\u00edvoca De Las Mujeres Punto IV \u2013 La Lucha Por La Camarader\u00eda De Los Sectores LGBTQ+ Punto V \u2013 Emancipaci\u00f3n Ambiental Punto VI \u2013 Un Partido Revolucionario Para La Liberaci\u00f3n Del Pueblo [&hellip;]","og_url":"https:\/\/uniondelbarrio.org\/esp\/sobre-udb\/un-programa-para-proveer-direccion-politica-concientizar-el-pueblo-y-crear-la-lucha-para-la-liberacion-nacional\/lo-que-queremos\/","og_site_name":"UdB en espa\u00f1ol","article_publisher":"https:\/\/www.facebook.com\/UniondelBarrio","article_modified_time":"2019-07-07T20:07:25+00:00","og_image":[{"width":1200,"height":628,"url":"https:\/\/uniondelbarrio.org\/esp\/wp-content\/uploads\/2021\/04\/ESP_UdB_FBDefaultWeb_1200x628.jpg","type":"image\/jpeg"}],"twitter_card":"summary_large_image","twitter_site":"@UniondelBarrio","schema":{"@context":"https:\/\/schema.org","@graph":[{"@type":"WebPage","@id":"https:\/\/uniondelbarrio.org\/esp\/sobre-udb\/un-programa-para-proveer-direccion-politica-concientizar-el-pueblo-y-crear-la-lucha-para-la-liberacion-nacional\/lo-que-queremos\/","url":"https:\/\/uniondelbarrio.org\/esp\/sobre-udb\/un-programa-para-proveer-direccion-politica-concientizar-el-pueblo-y-crear-la-lucha-para-la-liberacion-nacional\/lo-que-queremos\/","name":"Lo Que Queremos - UdB en espa\u00f1ol","isPartOf":{"@id":"https:\/\/uniondelbarrio.org\/esp\/#website"},"datePublished":"2015-05-20T15:18:16+00:00","dateModified":"2019-07-07T20:07:25+00:00","breadcrumb":{"@id":"https:\/\/uniondelbarrio.org\/esp\/sobre-udb\/un-programa-para-proveer-direccion-politica-concientizar-el-pueblo-y-crear-la-lucha-para-la-liberacion-nacional\/lo-que-queremos\/#breadcrumb"},"inLanguage":"en-US","potentialAction":[{"@type":"ReadAction","target":["https:\/\/uniondelbarrio.org\/esp\/sobre-udb\/un-programa-para-proveer-direccion-politica-concientizar-el-pueblo-y-crear-la-lucha-para-la-liberacion-nacional\/lo-que-queremos\/"]}]},{"@type":"BreadcrumbList","@id":"https:\/\/uniondelbarrio.org\/esp\/sobre-udb\/un-programa-para-proveer-direccion-politica-concientizar-el-pueblo-y-crear-la-lucha-para-la-liberacion-nacional\/lo-que-queremos\/#breadcrumb","itemListElement":[{"@type":"ListItem","position":1,"name":"Home","item":"https:\/\/uniondelbarrio.org\/esp\/"},{"@type":"ListItem","position":2,"name":"\u00bfQui\u00e9n Es Uni\u00f3n del Barrio?","item":"https:\/\/uniondelbarrio.org\/esp\/sobre-udb\/"},{"@type":"ListItem","position":3,"name":"Un Programa Para Proveer Direcci\u00f3n Pol\u00edtica, Concientizar El Pueblo Y Crear La Lucha Para La Liberaci\u00f3n Nacional","item":"https:\/\/uniondelbarrio.org\/esp\/sobre-udb\/un-programa-para-proveer-direccion-politica-concientizar-el-pueblo-y-crear-la-lucha-para-la-liberacion-nacional\/"},{"@type":"ListItem","position":4,"name":"Lo Que Queremos"}]},{"@type":"WebSite","@id":"https:\/\/uniondelbarrio.org\/esp\/#website","url":"https:\/\/uniondelbarrio.org\/esp\/","name":"UdB en espa\u00f1ol","description":"Concientizaci\u00f3n, Organizaci\u00f3n, Acci\u00f3n y Liberaci\u00f3n","potentialAction":[{"@type":"SearchAction","target":{"@type":"EntryPoint","urlTemplate":"https:\/\/uniondelbarrio.org\/esp\/?s={search_term_string}"},"query-input":{"@type":"PropertyValueSpecification","valueRequired":true,"valueName":"search_term_string"}}],"inLanguage":"en-US"}]}},"_links":{"self":[{"href":"https:\/\/uniondelbarrio.org\/esp\/wp-json\/wp\/v2\/pages\/78","targetHints":{"allow":["GET"]}}],"collection":[{"href":"https:\/\/uniondelbarrio.org\/esp\/wp-json\/wp\/v2\/pages"}],"about":[{"href":"https:\/\/uniondelbarrio.org\/esp\/wp-json\/wp\/v2\/types\/page"}],"author":[{"embeddable":true,"href":"https:\/\/uniondelbarrio.org\/esp\/wp-json\/wp\/v2\/users\/1"}],"replies":[{"embeddable":true,"href":"https:\/\/uniondelbarrio.org\/esp\/wp-json\/wp\/v2\/comments?post=78"}],"version-history":[{"count":5,"href":"https:\/\/uniondelbarrio.org\/esp\/wp-json\/wp\/v2\/pages\/78\/revisions"}],"predecessor-version":[{"id":978,"href":"https:\/\/uniondelbarrio.org\/esp\/wp-json\/wp\/v2\/pages\/78\/revisions\/978"}],"up":[{"embeddable":true,"href":"https:\/\/uniondelbarrio.org\/esp\/wp-json\/wp\/v2\/pages\/38"}],"wp:attachment":[{"href":"https:\/\/uniondelbarrio.org\/esp\/wp-json\/wp\/v2\/media?parent=78"}],"curies":[{"name":"wp","href":"https:\/\/api.w.org\/{rel}","templated":true}]}}

<div class="page" title="Page 8">
<div class="layoutArea">
<div class="column">
<p><strong>Punto I –  <a href="https://uniondelbarrio.org/esp/?page_id=80">Auto-Determinación, Liberación Nacional Y Unidad Continental</a></strong></p>
<p><strong>Punto II – <a href="https://uniondelbarrio.org/esp/?page_id=82">Democracia Participativa Y Socialismo</a></strong></p>
<p><strong>Punto III – <a href="https://uniondelbarrio.org/esp/?page_id=84">La Liberación Absoluta E Inequívoca De Las Mujeres</a></strong></p>
<p><strong>Punto IV – <a href="https://uniondelbarrio.org/esp/?page_id=968">La Lucha Por La Camaradería De Los Sectores LGBTQ+</a></strong></p>
<p><strong>Punto V – <a href="https://uniondelbarrio.org/esp/?page_id=86">Emancipación Ambiental</a></strong></p>
<p><strong>Punto VI – <a href="https://uniondelbarrio.org/esp/?page_id=88">Un Partido Revolucionario Para La Liberación Del Pueblo</a></strong></p>
<p>&nbsp;</p>
<div class="page" title="Page 8"></div>
</div>
</div>
</div>

<p>Punto I –  Auto-Determinación, Liberación Nacional Y Unidad Continental Punto II – Democracia Participativa Y Socialismo Punto III – La Liberación Absoluta E Inequívoca De Las Mujeres Punto IV – La Lucha Por La Camaradería De Los Sectores LGBTQ+ Punto V – Emancipación Ambiental Punto VI – Un Partido Revolucionario Para La Liberación Del Pueblo [&hellip;]</p>

<!-- This site is optimized with the Yoast SEO plugin v27.5 - https://yoast.com/product/yoast-seo-wordpress/ -->
<title>Lo Que Queremos - UdB en español</title>
<meta name="robots" content="index, follow, max-snippet:-1, max-image-preview:large, max-video-preview:-1" />
<link rel="canonical" href="https://uniondelbarrio.org/esp/sobre-udb/un-programa-para-proveer-direccion-politica-concientizar-el-pueblo-y-crear-la-lucha-para-la-liberacion-nacional/lo-que-queremos/" />
<meta property="og:locale" content="en_US" />
<meta property="og:type" content="article" />
<meta property="og:title" content="Lo Que Queremos - UdB en español" />
<meta property="og:description" content="Punto I –  Auto-Determinación, Liberación Nacional Y Unidad Continental Punto II – Democracia Participativa Y Socialismo Punto III – La Liberación Absoluta E Inequívoca De Las Mujeres Punto IV – La Lucha Por La Camaradería De Los Sectores LGBTQ+ Punto V – Emancipación Ambiental Punto VI – Un Partido Revolucionario Para La Liberación Del Pueblo [&hellip;]" />
<meta property="og:url" content="https://uniondelbarrio.org/esp/sobre-udb/un-programa-para-proveer-direccion-politica-concientizar-el-pueblo-y-crear-la-lucha-para-la-liberacion-nacional/lo-que-queremos/" />
<meta property="og:site_name" content="UdB en español" />
<meta property="article:publisher" content="https://www.facebook.com/UniondelBarrio" />
<meta property="article:modified_time" content="2019-07-07T20:07:25+00:00" />
<meta property="og:image" content="https://uniondelbarrio.org/esp/wp-content/uploads/2021/04/ESP_UdB_FBDefaultWeb_1200x628.jpg" />
	<meta property="og:image:width" content="1200" />
	<meta property="og:image:height" content="628" />
	<meta property="og:image:type" content="image/jpeg" />
<meta name="twitter:card" content="summary_large_image" />
<meta name="twitter:site" content="@UniondelBarrio" />
<script type="application/ld+json" class="yoast-schema-graph">{"@context":"https:\/\/schema.org","@graph":[{"@type":"WebPage","@id":"https:\/\/uniondelbarrio.org\/esp\/sobre-udb\/un-programa-para-proveer-direccion-politica-concientizar-el-pueblo-y-crear-la-lucha-para-la-liberacion-nacional\/lo-que-queremos\/","url":"https:\/\/uniondelbarrio.org\/esp\/sobre-udb\/un-programa-para-proveer-direccion-politica-concientizar-el-pueblo-y-crear-la-lucha-para-la-liberacion-nacional\/lo-que-queremos\/","name":"Lo Que Queremos - UdB en español","isPartOf":{"@id":"https:\/\/uniondelbarrio.org\/esp\/#website"},"datePublished":"2015-05-20T15:18:16+00:00","dateModified":"2019-07-07T20:07:25+00:00","breadcrumb":{"@id":"https:\/\/uniondelbarrio.org\/esp\/sobre-udb\/un-programa-para-proveer-direccion-politica-concientizar-el-pueblo-y-crear-la-lucha-para-la-liberacion-nacional\/lo-que-queremos\/#breadcrumb"},"inLanguage":"en-US","potentialAction":[{"@type":"ReadAction","target":["https:\/\/uniondelbarrio.org\/esp\/sobre-udb\/un-programa-para-proveer-direccion-politica-concientizar-el-pueblo-y-crear-la-lucha-para-la-liberacion-nacional\/lo-que-queremos\/"]}]},{"@type":"BreadcrumbList","@id":"https:\/\/uniondelbarrio.org\/esp\/sobre-udb\/un-programa-para-proveer-direccion-politica-concientizar-el-pueblo-y-crear-la-lucha-para-la-liberacion-nacional\/lo-que-queremos\/#breadcrumb","itemListElement":[{"@type":"ListItem","position":1,"name":"Home","item":"https:\/\/uniondelbarrio.org\/esp\/"},{"@type":"ListItem","position":2,"name":"¿Quién Es Unión del Barrio?","item":"https:\/\/uniondelbarrio.org\/esp\/sobre-udb\/"},{"@type":"ListItem","position":3,"name":"Un Programa Para Proveer Dirección Política, Concientizar El Pueblo Y Crear La Lucha Para La Liberación Nacional","item":"https:\/\/uniondelbarrio.org\/esp\/sobre-udb\/un-programa-para-proveer-direccion-politica-concientizar-el-pueblo-y-crear-la-lucha-para-la-liberacion-nacional\/"},{"@type":"ListItem","position":4,"name":"Lo Que Queremos"}]},{"@type":"WebSite","@id":"https:\/\/uniondelbarrio.org\/esp\/#website","url":"https:\/\/uniondelbarrio.org\/esp\/","name":"UdB en español","description":"Concientización, Organización, Acción y Liberación","potentialAction":[{"@type":"SearchAction","target":{"@type":"EntryPoint","urlTemplate":"https:\/\/uniondelbarrio.org\/esp\/?s={search_term_string}"},"query-input":{"@type":"PropertyValueSpecification","valueRequired":true,"valueName":"search_term_string"}}],"inLanguage":"en-US"}]}</script>
<!-- / Yoast SEO plugin. -->

Lo Que Queremos - UdB en español

Punto I –  Auto-Determinación, Liberación Nacional Y Unidad Continental Punto II – Democracia Participativa Y Socialismo Punto III – La Liberación Absoluta E Inequívoca De Las Mujeres Punto IV – La Lucha Por La Camaradería De Los Sectores LGBTQ+ Punto V – Emancipación Ambiental Punto VI – Un Partido Revolucionario Para La Liberación Del Pueblo [&hellip;]

UdB en español

¿Quién Es Unión del Barrio?

Un Programa Para Proveer Dirección Política, Concientizar El Pueblo Y Crear La Lucha Para La Liberación Nacional

Concientización, Organización, Acción y Liberación
