{"id":1020,"date":"2014-09-04T18:11:18","date_gmt":"2014-09-05T01:11:18","guid":{"rendered":"https:\/\/uniondelbarrio.org\/main\/?page_id=1020"},"modified":"2014-09-04T18:21:08","modified_gmt":"2014-09-05T01:21:08","slug":"recommended-videos-a-peoples-history-of-the-mexican-revolution-2013","status":"publish","type":"page","link":"https:\/\/uniondelbarrio.org\/main\/4-2\/la-verdad\/recommended-videos\/recommended-videos-a-peoples-history-of-the-mexican-revolution-2013\/","title":{"rendered":"Recommended Videos &#8211; A People&#8217;s History of the Mexican Revolution (2012)"},"content":{"rendered":"<p>Somos Raza magazine offers this short but well researched overview of the Mexican Revolution.\u00a0This is a production of Somos Raza youth magazine in commemoration of the 20th of November, 2012 &#8211; D\u00eda de la Revoluci\u00f3n. Camera and audiovisual production by Laura Moreno, Harry Sim\u00f3n Salazar, and Leyla Torres. Postproduction and editing by Harry Sim\u00f3n Salazar. Rendition of Carabina 30 30 by Laura Moreno.<\/p>\n<hr \/>\n<h3 style=\"text-align: center;\"><iframe loading=\"lazy\" src=\"\/\/www.youtube.com\/embed\/6olifItvePo?rel=0\" width=\"560\" height=\"315\" frameborder=\"0\" allowfullscreen=\"allowfullscreen\"><\/iframe><\/h3>\n<hr \/>\n<h3 style=\"text-align: center;\"><\/h3>\n","protected":false},"excerpt":{"rendered":"<p>Somos Raza magazine offers this short but well researched overview of the Mexican Revolution.\u00a0This is a production of Somos Raza youth magazine in commemoration of the 20th of November, 2012 &#8211; D\u00eda de la Revoluci\u00f3n. Camera and audiovisual production by Laura Moreno, Harry Sim\u00f3n Salazar, and Leyla Torres. Postproduction and editing by Harry Sim\u00f3n Salazar. [&hellip;]<\/p>\n","protected":false},"author":1,"featured_media":0,"parent":484,"menu_order":5,"comment_status":"closed","ping_status":"closed","template":"page-templates\/page-laverdad.php","meta":{"footnotes":""},"class_list":["post-1020","page","type-page","status-publish","hentry"],"yoast_head":"<!-- This site is optimized with the Yoast SEO plugin v27.3 - https:\/\/yoast.com\/product\/yoast-seo-wordpress\/ -->\n<title>Recommended Videos - A People&#039;s History of the Mexican Revolution (2012) - Uni&oacute;n del Barrio<\/title>\n<meta name=\"robots\" content=\"index, follow, max-snippet:-1, max-image-preview:large, max-video-preview:-1\" \/>\n<link rel=\"canonical\" href=\"https:\/\/uniondelbarrio.org\/main\/4-2\/la-verdad\/recommended-videos\/recommended-videos-a-peoples-history-of-the-mexican-revolution-2013\/\" \/>\n<meta property=\"og:locale\" content=\"en_US\" \/>\n<meta property=\"og:type\" content=\"article\" \/>\n<meta property=\"og:title\" content=\"Recommended Videos - A People&#039;s History of the Mexican Revolution (2012) - Uni&oacute;n del Barrio\" \/>\n<meta property=\"og:description\" content=\"Somos Raza magazine offers this short but well researched overview of the Mexican Revolution.\u00a0This is a production of Somos Raza youth magazine in commemoration of the 20th of November, 2012 &#8211; D\u00eda de la Revoluci\u00f3n. Camera and audiovisual production by Laura Moreno, Harry Sim\u00f3n Salazar, and Leyla Torres. Postproduction and editing by Harry Sim\u00f3n Salazar. [&hellip;]\" \/>\n<meta property=\"og:url\" content=\"https:\/\/uniondelbarrio.org\/main\/4-2\/la-verdad\/recommended-videos\/recommended-videos-a-peoples-history-of-the-mexican-revolution-2013\/\" \/>\n<meta property=\"og:site_name\" content=\"Uni&oacute;n del Barrio\" \/>\n<meta property=\"article:publisher\" content=\"https:\/\/www.facebook.com\/UniondelBarrio\/\" \/>\n<meta property=\"article:modified_time\" content=\"2014-09-05T01:21:08+00:00\" \/>\n<meta property=\"og:image\" content=\"https:\/\/uniondelbarrio.org\/main\/wp-content\/uploads\/2021\/04\/UdB_FBDefault_1200x628.jpg\" \/>\n\t<meta property=\"og:image:width\" content=\"1200\" \/>\n\t<meta property=\"og:image:height\" content=\"628\" \/>\n\t<meta property=\"og:image:type\" content=\"image\/jpeg\" \/>\n<meta name=\"twitter:card\" content=\"summary_large_image\" \/>\n<meta name=\"twitter:site\" content=\"@UniondelBarrio\" \/>\n<script type=\"application\/ld+json\" class=\"yoast-schema-graph\">{\"@context\":\"https:\\\/\\\/schema.org\",\"@graph\":[{\"@type\":\"WebPage\",\"@id\":\"https:\\\/\\\/uniondelbarrio.org\\\/main\\\/4-2\\\/la-verdad\\\/recommended-videos\\\/recommended-videos-a-peoples-history-of-the-mexican-revolution-2013\\\/\",\"url\":\"https:\\\/\\\/uniondelbarrio.org\\\/main\\\/4-2\\\/la-verdad\\\/recommended-videos\\\/recommended-videos-a-peoples-history-of-the-mexican-revolution-2013\\\/\",\"name\":\"Recommended Videos - A People's History of the Mexican Revolution (2012) - Uni&oacute;n del Barrio\",\"isPartOf\":{\"@id\":\"https:\\\/\\\/uniondelbarrio.org\\\/main\\\/#website\"},\"datePublished\":\"2014-09-05T01:11:18+00:00\",\"dateModified\":\"2014-09-05T01:21:08+00:00\",\"breadcrumb\":{\"@id\":\"https:\\\/\\\/uniondelbarrio.org\\\/main\\\/4-2\\\/la-verdad\\\/recommended-videos\\\/recommended-videos-a-peoples-history-of-the-mexican-revolution-2013\\\/#breadcrumb\"},\"inLanguage\":\"en\",\"potentialAction\":[{\"@type\":\"ReadAction\",\"target\":[\"https:\\\/\\\/uniondelbarrio.org\\\/main\\\/4-2\\\/la-verdad\\\/recommended-videos\\\/recommended-videos-a-peoples-history-of-the-mexican-revolution-2013\\\/\"]}]},{\"@type\":\"BreadcrumbList\",\"@id\":\"https:\\\/\\\/uniondelbarrio.org\\\/main\\\/4-2\\\/la-verdad\\\/recommended-videos\\\/recommended-videos-a-peoples-history-of-the-mexican-revolution-2013\\\/#breadcrumb\",\"itemListElement\":[{\"@type\":\"ListItem\",\"position\":1,\"name\":\"Home\",\"item\":\"https:\\\/\\\/uniondelbarrio.org\\\/main\\\/\"},{\"@type\":\"ListItem\",\"position\":2,\"name\":\"Recommended Videos &#8211; A People&#8217;s History of the Mexican Revolution (2012)\"}]},{\"@type\":\"WebSite\",\"@id\":\"https:\\\/\\\/uniondelbarrio.org\\\/main\\\/#website\",\"url\":\"https:\\\/\\\/uniondelbarrio.org\\\/main\\\/\",\"name\":\"Uni&oacute;n del Barrio\",\"description\":\"Concientizaci&oacute;n, Organizaci&oacute;n, Acci&oacute;n, y Liberaci&oacute;n\",\"potentialAction\":[{\"@type\":\"SearchAction\",\"target\":{\"@type\":\"EntryPoint\",\"urlTemplate\":\"https:\\\/\\\/uniondelbarrio.org\\\/main\\\/?s={search_term_string}\"},\"query-input\":{\"@type\":\"PropertyValueSpecification\",\"valueRequired\":true,\"valueName\":\"search_term_string\"}}],\"inLanguage\":\"en\"}]}<\/script>\n<!-- \/ Yoast SEO plugin. -->","yoast_head_json":{"title":"Recommended Videos - A People's History of the Mexican Revolution (2012) - Uni&oacute;n del Barrio","robots":{"index":"index","follow":"follow","max-snippet":"max-snippet:-1","max-image-preview":"max-image-preview:large","max-video-preview":"max-video-preview:-1"},"canonical":"https:\/\/uniondelbarrio.org\/main\/4-2\/la-verdad\/recommended-videos\/recommended-videos-a-peoples-history-of-the-mexican-revolution-2013\/","og_locale":"en_US","og_type":"article","og_title":"Recommended Videos - A People's History of the Mexican Revolution (2012) - Uni&oacute;n del Barrio","og_description":"Somos Raza magazine offers this short but well researched overview of the Mexican Revolution.\u00a0This is a production of Somos Raza youth magazine in commemoration of the 20th of November, 2012 &#8211; D\u00eda de la Revoluci\u00f3n. Camera and audiovisual production by Laura Moreno, Harry Sim\u00f3n Salazar, and Leyla Torres. Postproduction and editing by Harry Sim\u00f3n Salazar. [&hellip;]","og_url":"https:\/\/uniondelbarrio.org\/main\/4-2\/la-verdad\/recommended-videos\/recommended-videos-a-peoples-history-of-the-mexican-revolution-2013\/","og_site_name":"Uni&oacute;n del Barrio","article_publisher":"https:\/\/www.facebook.com\/UniondelBarrio\/","article_modified_time":"2014-09-05T01:21:08+00:00","og_image":[{"width":1200,"height":628,"url":"https:\/\/uniondelbarrio.org\/main\/wp-content\/uploads\/2021\/04\/UdB_FBDefault_1200x628.jpg","type":"image\/jpeg"}],"twitter_card":"summary_large_image","twitter_site":"@UniondelBarrio","schema":{"@context":"https:\/\/schema.org","@graph":[{"@type":"WebPage","@id":"https:\/\/uniondelbarrio.org\/main\/4-2\/la-verdad\/recommended-videos\/recommended-videos-a-peoples-history-of-the-mexican-revolution-2013\/","url":"https:\/\/uniondelbarrio.org\/main\/4-2\/la-verdad\/recommended-videos\/recommended-videos-a-peoples-history-of-the-mexican-revolution-2013\/","name":"Recommended Videos - A People's History of the Mexican Revolution (2012) - Uni&oacute;n del Barrio","isPartOf":{"@id":"https:\/\/uniondelbarrio.org\/main\/#website"},"datePublished":"2014-09-05T01:11:18+00:00","dateModified":"2014-09-05T01:21:08+00:00","breadcrumb":{"@id":"https:\/\/uniondelbarrio.org\/main\/4-2\/la-verdad\/recommended-videos\/recommended-videos-a-peoples-history-of-the-mexican-revolution-2013\/#breadcrumb"},"inLanguage":"en","potentialAction":[{"@type":"ReadAction","target":["https:\/\/uniondelbarrio.org\/main\/4-2\/la-verdad\/recommended-videos\/recommended-videos-a-peoples-history-of-the-mexican-revolution-2013\/"]}]},{"@type":"BreadcrumbList","@id":"https:\/\/uniondelbarrio.org\/main\/4-2\/la-verdad\/recommended-videos\/recommended-videos-a-peoples-history-of-the-mexican-revolution-2013\/#breadcrumb","itemListElement":[{"@type":"ListItem","position":1,"name":"Home","item":"https:\/\/uniondelbarrio.org\/main\/"},{"@type":"ListItem","position":2,"name":"Recommended Videos &#8211; A People&#8217;s History of the Mexican Revolution (2012)"}]},{"@type":"WebSite","@id":"https:\/\/uniondelbarrio.org\/main\/#website","url":"https:\/\/uniondelbarrio.org\/main\/","name":"Uni&oacute;n del Barrio","description":"Concientizaci&oacute;n, Organizaci&oacute;n, Acci&oacute;n, y Liberaci&oacute;n","potentialAction":[{"@type":"SearchAction","target":{"@type":"EntryPoint","urlTemplate":"https:\/\/uniondelbarrio.org\/main\/?s={search_term_string}"},"query-input":{"@type":"PropertyValueSpecification","valueRequired":true,"valueName":"search_term_string"}}],"inLanguage":"en"}]}},"_links":{"self":[{"href":"https:\/\/uniondelbarrio.org\/main\/wp-json\/wp\/v2\/pages\/1020","targetHints":{"allow":["GET"]}}],"collection":[{"href":"https:\/\/uniondelbarrio.org\/main\/wp-json\/wp\/v2\/pages"}],"about":[{"href":"https:\/\/uniondelbarrio.org\/main\/wp-json\/wp\/v2\/types\/page"}],"author":[{"embeddable":true,"href":"https:\/\/uniondelbarrio.org\/main\/wp-json\/wp\/v2\/users\/1"}],"replies":[{"embeddable":true,"href":"https:\/\/uniondelbarrio.org\/main\/wp-json\/wp\/v2\/comments?post=1020"}],"version-history":[{"count":7,"href":"https:\/\/uniondelbarrio.org\/main\/wp-json\/wp\/v2\/pages\/1020\/revisions"}],"predecessor-version":[{"id":1031,"href":"https:\/\/uniondelbarrio.org\/main\/wp-json\/wp\/v2\/pages\/1020\/revisions\/1031"}],"up":[{"embeddable":true,"href":"https:\/\/uniondelbarrio.org\/main\/wp-json\/wp\/v2\/pages\/484"}],"wp:attachment":[{"href":"https:\/\/uniondelbarrio.org\/main\/wp-json\/wp\/v2\/media?parent=1020"}],"curies":[{"name":"wp","href":"https:\/\/api.w.org\/{rel}","templated":true}]}}