{"id":357,"date":"2014-08-01T10:37:50","date_gmt":"2014-08-01T17:37:50","guid":{"rendered":"https:\/\/uniondelbarrio.org\/main\/?page_id=357"},"modified":"2014-08-21T18:11:04","modified_gmt":"2014-08-22T01:11:04","slug":"udb-newsletter-april-1984","status":"publish","type":"page","link":"https:\/\/uniondelbarrio.org\/main\/4-2\/about-udb\/archive\/udb-newspaper-archive\/udb-newsletter-april-1984\/","title":{"rendered":"UdB Newsletter, April 1984"},"content":{"rendered":"<p class=\"p1\"><a href=\"https:\/\/uniondelbarrio.org\/main\/wp-content\/uploads\/2014\/08\/UdBNewsletter_April1984_CvrOnly.png\"><img loading=\"lazy\" decoding=\"async\" class=\"alignleft size-medium wp-image-370\" src=\"https:\/\/uniondelbarrio.org\/main\/wp-content\/uploads\/2014\/08\/UdBNewsletter_April1984_CvrOnly-232x300.png\" alt=\"UdBNewsletter_April1984_CvrOnly\" width=\"232\" height=\"300\" srcset=\"https:\/\/uniondelbarrio.org\/main\/wp-content\/uploads\/2014\/08\/UdBNewsletter_April1984_CvrOnly-232x300.png 232w, https:\/\/uniondelbarrio.org\/main\/wp-content\/uploads\/2014\/08\/UdBNewsletter_April1984_CvrOnly.png 612w\" sizes=\"auto, (max-width: 232px) 100vw, 232px\" \/><\/a>RETURN TO MAIN LIST &#8220;<a title=\"UdB Newspaper Archive\" href=\"https:\/\/uniondelbarrio.org\/main\/?page_id=334\">UdB Newspaper Archive<\/a>.&#8221;<\/p>\n<p class=\"p1\">&#8211; Description: Uni\u00f3n del Barrio Newsletter<\/p>\n<p class=\"p1\">&#8211; Cover: \u201cSan Diego Raza Unite!\u201d<\/p>\n<p class=\"p1\">&#8211; Date of Publication: April\u00a01984<\/p>\n<p class=\"p1\">&#8211; Format: Photocopied booklet\u00a0style, 1 sided, color paper for cover, stapled, 8.5\u2033 x 11\u2033 pages<\/p>\n<p class=\"p1\">&#8211; Pages: 28<\/p>\n<p class=\"p1\">&#8211; Run: Approx. 100<\/p>\n<p class=\"p1\">&#8211; Contents:<\/p>\n<ol class=\"ol1\">\n<li class=\"li2\">Page 1, \u201cSan Diego Raza\u00a0Unite!,\u201d brief description of January\u00a031, 1984 Chicano Unity Conference.<\/li>\n<li class=\"li2\">Page 2, Flyer \u201ca call for Chicano Unity.\u201d<\/li>\n<li class=\"li2\">Page 3, Newspaper clipping from Voz Fronteriza, March 1984, \u201cBarrio Unity.\u201d<\/li>\n<li class=\"li2\">Page 4, Newspaper clipping from Nuestra Cosa, Vol. 12 No. 2, \u201cRaza Youth Unity Conference 1984.\u201d<\/li>\n<li class=\"li2\">Page 5,\u00a0Newspaper clipping from Voz Fronteriza, March 1984, \u201cPolice Brutality Investigated.\u201d<\/li>\n<li class=\"li2\">Page 6,\u00a0Newspaper clipping from San Diego Union, February 22,\u00a01984, \u201cKKK infiltrator calls for probe of S.D. police.\u201d<\/li>\n<li class=\"li2\">Page 7, Newspaper clipping from Nuestra Cosa, \u201cBoycott Coors.\u201d<\/li>\n<li class=\"li2\">Page 8,\u00a0Newspaper clipping from San Diego Union, March\u00a012,\u00a01984, \u201cCalls for Coors boycott echo again after speech to blacks brews a storm.\u201d<\/li>\n<li class=\"li2\">Page 9, UdB statement and newspaper clippings regarding Dan Mu\u00f1oz and La Prensa support for Coors.<\/li>\n<li class=\"li2\">Page 10,\u00a0Flyer to boycott band Tierra for supporting Coors.<\/li>\n<li class=\"li2\">Page 11, Coors boycott information sheet.<\/li>\n<li class=\"li2\">Page 12, Coors boycott outreach flyer.<\/li>\n<li class=\"li2\">Page 13, Coors boycott press release.<\/li>\n<li class=\"li2\">Page 14, Coors boycott statement against NAACP for settling with Coors and newspaper clipping.<\/li>\n<li class=\"li2\">Page 15, News release, &#8220;Una Noche de Solidaridad y Cultura,&#8221; &#8220;Aztl\u00e1n y Am\u00e9rica Central: Somos Un Pueblo,&#8221; &#8220;Aztl\u00e1n and Central America: One People, One Struggle.&#8221;<\/li>\n<li class=\"li2\">Page 16, Pg. 2,\u00a0News release, &#8220;Una Noche de Solidaridad y Cultura,&#8221; &#8220;Aztl\u00e1n y Am\u00e9rica Central: Somos Un Pueblo,&#8221; &#8220;Aztl\u00e1n and Central America: One People, One Struggle.&#8221;<\/li>\n<li class=\"li2\">Page 17,\u00a0Newspaper clipping from Voz Fronteriza, November 1983, \u201cA Night of Solidarity.\u201d<\/li>\n<li class=\"li2\">Page 18, Pg. 2,\u00a0Newspaper clipping from Voz Fronteriza, November 1983, \u201cA Night of Solidarity.<\/li>\n<li class=\"li2\">Page 19,\u00a0Newspaper clipping from San Diego Union, November\u00a06,\u00a01983, \u201cChicano community looks at foreign policy.\u201d<\/li>\n<li class=\"li2\">Page 20, CHISPA &#8220;Statement of Purpose.&#8221;<\/li>\n<li class=\"li2\">Page 21,\u00a0Newspaper clipping from Voz Fronteriza, January\u00a01984, \u201cCoalition to Host Forum On Central America.\u201d<\/li>\n<li class=\"li2\">Page 22,\u00a0Newspaper clipping from Voz Fronteriza, \u201cCentral America: Topic Of La Raza Forum: CHISPA burns U.S. Policy.\u201d<\/li>\n<li class=\"li2\">Page 23,\u00a0Flyer \u201cA Chicano Community Teach-in On Central America.\u201d<\/li>\n<li class=\"li2\">Page 24,\u00a0Newspaper clipping from San Diego Reader, April 12,\u00a01984, \u201cAliens Being Housed.\u201d<\/li>\n<li class=\"li2\">Page 25,\u00a0Newspaper clipping from Nuestra Cosa, UdB Ad for \u201c3rd Annual Barrio Unity Conference\u201d with Rodolfo &#8220;Corky&#8221; Gonzales as keynote.<\/li>\n<li class=\"li2\">Page 26,\u00a0Newspaper clipping from Voz Fronteriza, March\u00a01984, \u201cLa Uni\u00f3n del Barrio To Hold 3rd Annual Barrio Unity Conference.\u201d<\/li>\n<li class=\"li2\">Page 27,\u00a0Flyer \u201cCoors Boycott Teach-in.\u201d<\/li>\n<li class=\"li2\">Page 28, Boycott Coors image.<\/li>\n<\/ol>\n<p class=\"p3\"><span class=\"s1\">You may request a complete\u00a0digital copy of this material by emailing UdB at &lt;<a href=\"mailto:info@uniondelbarrio.org\"><span class=\"s2\">info@uniondelbarrio.org<\/span><\/a><\/span>&gt;. In your email identify the item by name and date of publication and briefly explain what you intend to do with the item. We may ask for a donation and\/or charge a handling fee.<\/p>\n","protected":false},"excerpt":{"rendered":"<p>RETURN TO MAIN LIST &#8220;UdB Newspaper Archive.&#8221; &#8211; Description: Uni\u00f3n del Barrio Newsletter &#8211; Cover: \u201cSan Diego Raza Unite!\u201d &#8211; Date of Publication: April\u00a01984 &#8211; Format: Photocopied booklet\u00a0style, 1 sided, color paper for cover, stapled, 8.5\u2033 x 11\u2033 pages &#8211; Pages: 28 &#8211; Run: Approx. 100 &#8211; Contents: Page 1, \u201cSan Diego Raza\u00a0Unite!,\u201d brief description [&hellip;]<\/p>\n","protected":false},"author":1,"featured_media":0,"parent":334,"menu_order":2,"comment_status":"closed","ping_status":"closed","template":"page-templates\/page-about.php","meta":{"footnotes":""},"class_list":["post-357","page","type-page","status-publish","hentry"],"yoast_head":"<!-- This site is optimized with the Yoast SEO plugin v27.4 - https:\/\/yoast.com\/product\/yoast-seo-wordpress\/ -->\n<title>UdB Newsletter, April 1984 - Uni&oacute;n del Barrio<\/title>\n<meta name=\"robots\" content=\"index, follow, max-snippet:-1, max-image-preview:large, max-video-preview:-1\" \/>\n<link rel=\"canonical\" href=\"https:\/\/uniondelbarrio.org\/main\/4-2\/about-udb\/archive\/udb-newspaper-archive\/udb-newsletter-april-1984\/\" \/>\n<meta property=\"og:locale\" content=\"en_US\" \/>\n<meta property=\"og:type\" content=\"article\" \/>\n<meta property=\"og:title\" content=\"UdB Newsletter, April 1984 - Uni&oacute;n del Barrio\" \/>\n<meta property=\"og:description\" content=\"RETURN TO MAIN LIST &#8220;UdB Newspaper Archive.&#8221; &#8211; Description: Uni\u00f3n del Barrio Newsletter &#8211; Cover: \u201cSan Diego Raza Unite!\u201d &#8211; Date of Publication: April\u00a01984 &#8211; Format: Photocopied booklet\u00a0style, 1 sided, color paper for cover, stapled, 8.5\u2033 x 11\u2033 pages &#8211; Pages: 28 &#8211; Run: Approx. 100 &#8211; Contents: Page 1, \u201cSan Diego Raza\u00a0Unite!,\u201d brief description [&hellip;]\" \/>\n<meta property=\"og:url\" content=\"https:\/\/uniondelbarrio.org\/main\/4-2\/about-udb\/archive\/udb-newspaper-archive\/udb-newsletter-april-1984\/\" \/>\n<meta property=\"og:site_name\" content=\"Uni&oacute;n del Barrio\" \/>\n<meta property=\"article:publisher\" content=\"https:\/\/www.facebook.com\/UniondelBarrio\/\" \/>\n<meta property=\"article:modified_time\" content=\"2014-08-22T01:11:04+00:00\" \/>\n<meta property=\"og:image\" content=\"https:\/\/uniondelbarrio.org\/main\/wp-content\/uploads\/2014\/08\/UdBNewsletter_April1984_CvrOnly-232x300.png\" \/>\n<meta name=\"twitter:card\" content=\"summary_large_image\" \/>\n<meta name=\"twitter:site\" content=\"@UniondelBarrio\" \/>\n<meta name=\"twitter:label1\" content=\"Est. reading time\" \/>\n\t<meta name=\"twitter:data1\" content=\"2 minutes\" \/>\n<script type=\"application\/ld+json\" class=\"yoast-schema-graph\">{\"@context\":\"https:\\\/\\\/schema.org\",\"@graph\":[{\"@type\":\"WebPage\",\"@id\":\"https:\\\/\\\/uniondelbarrio.org\\\/main\\\/4-2\\\/about-udb\\\/archive\\\/udb-newspaper-archive\\\/udb-newsletter-april-1984\\\/\",\"url\":\"https:\\\/\\\/uniondelbarrio.org\\\/main\\\/4-2\\\/about-udb\\\/archive\\\/udb-newspaper-archive\\\/udb-newsletter-april-1984\\\/\",\"name\":\"UdB Newsletter, April 1984 - Uni&oacute;n del Barrio\",\"isPartOf\":{\"@id\":\"https:\\\/\\\/uniondelbarrio.org\\\/main\\\/#website\"},\"primaryImageOfPage\":{\"@id\":\"https:\\\/\\\/uniondelbarrio.org\\\/main\\\/4-2\\\/about-udb\\\/archive\\\/udb-newspaper-archive\\\/udb-newsletter-april-1984\\\/#primaryimage\"},\"image\":{\"@id\":\"https:\\\/\\\/uniondelbarrio.org\\\/main\\\/4-2\\\/about-udb\\\/archive\\\/udb-newspaper-archive\\\/udb-newsletter-april-1984\\\/#primaryimage\"},\"thumbnailUrl\":\"https:\\\/\\\/uniondelbarrio.org\\\/main\\\/wp-content\\\/uploads\\\/2014\\\/08\\\/UdBNewsletter_April1984_CvrOnly-232x300.png\",\"datePublished\":\"2014-08-01T17:37:50+00:00\",\"dateModified\":\"2014-08-22T01:11:04+00:00\",\"breadcrumb\":{\"@id\":\"https:\\\/\\\/uniondelbarrio.org\\\/main\\\/4-2\\\/about-udb\\\/archive\\\/udb-newspaper-archive\\\/udb-newsletter-april-1984\\\/#breadcrumb\"},\"inLanguage\":\"en\",\"potentialAction\":[{\"@type\":\"ReadAction\",\"target\":[\"https:\\\/\\\/uniondelbarrio.org\\\/main\\\/4-2\\\/about-udb\\\/archive\\\/udb-newspaper-archive\\\/udb-newsletter-april-1984\\\/\"]}]},{\"@type\":\"ImageObject\",\"inLanguage\":\"en\",\"@id\":\"https:\\\/\\\/uniondelbarrio.org\\\/main\\\/4-2\\\/about-udb\\\/archive\\\/udb-newspaper-archive\\\/udb-newsletter-april-1984\\\/#primaryimage\",\"url\":\"https:\\\/\\\/uniondelbarrio.org\\\/main\\\/wp-content\\\/uploads\\\/2014\\\/08\\\/UdBNewsletter_April1984_CvrOnly.png\",\"contentUrl\":\"https:\\\/\\\/uniondelbarrio.org\\\/main\\\/wp-content\\\/uploads\\\/2014\\\/08\\\/UdBNewsletter_April1984_CvrOnly.png\",\"width\":612,\"height\":788},{\"@type\":\"BreadcrumbList\",\"@id\":\"https:\\\/\\\/uniondelbarrio.org\\\/main\\\/4-2\\\/about-udb\\\/archive\\\/udb-newspaper-archive\\\/udb-newsletter-april-1984\\\/#breadcrumb\",\"itemListElement\":[{\"@type\":\"ListItem\",\"position\":1,\"name\":\"Home\",\"item\":\"https:\\\/\\\/uniondelbarrio.org\\\/main\\\/\"},{\"@type\":\"ListItem\",\"position\":2,\"name\":\"What is Uni\u00f3n del Barrio?\",\"item\":\"https:\\\/\\\/uniondelbarrio.org\\\/main\\\/4-2\\\/about-udb\\\/\"},{\"@type\":\"ListItem\",\"position\":3,\"name\":\"Archive\",\"item\":\"https:\\\/\\\/uniondelbarrio.org\\\/main\\\/4-2\\\/about-udb\\\/archive\\\/\"},{\"@type\":\"ListItem\",\"position\":4,\"name\":\"UdB Newspaper Archive\",\"item\":\"https:\\\/\\\/uniondelbarrio.org\\\/main\\\/4-2\\\/about-udb\\\/archive\\\/udb-newspaper-archive\\\/\"},{\"@type\":\"ListItem\",\"position\":5,\"name\":\"UdB Newsletter, April 1984\"}]},{\"@type\":\"WebSite\",\"@id\":\"https:\\\/\\\/uniondelbarrio.org\\\/main\\\/#website\",\"url\":\"https:\\\/\\\/uniondelbarrio.org\\\/main\\\/\",\"name\":\"Uni&oacute;n del Barrio\",\"description\":\"Concientizaci&oacute;n, Organizaci&oacute;n, Acci&oacute;n, y Liberaci&oacute;n\",\"potentialAction\":[{\"@type\":\"SearchAction\",\"target\":{\"@type\":\"EntryPoint\",\"urlTemplate\":\"https:\\\/\\\/uniondelbarrio.org\\\/main\\\/?s={search_term_string}\"},\"query-input\":{\"@type\":\"PropertyValueSpecification\",\"valueRequired\":true,\"valueName\":\"search_term_string\"}}],\"inLanguage\":\"en\"}]}<\/script>\n<!-- \/ Yoast SEO plugin. -->","yoast_head_json":{"title":"UdB Newsletter, April 1984 - Uni&oacute;n del Barrio","robots":{"index":"index","follow":"follow","max-snippet":"max-snippet:-1","max-image-preview":"max-image-preview:large","max-video-preview":"max-video-preview:-1"},"canonical":"https:\/\/uniondelbarrio.org\/main\/4-2\/about-udb\/archive\/udb-newspaper-archive\/udb-newsletter-april-1984\/","og_locale":"en_US","og_type":"article","og_title":"UdB Newsletter, April 1984 - Uni&oacute;n del Barrio","og_description":"RETURN TO MAIN LIST &#8220;UdB Newspaper Archive.&#8221; &#8211; Description: Uni\u00f3n del Barrio Newsletter &#8211; Cover: \u201cSan Diego Raza Unite!\u201d &#8211; Date of Publication: April\u00a01984 &#8211; Format: Photocopied booklet\u00a0style, 1 sided, color paper for cover, stapled, 8.5\u2033 x 11\u2033 pages &#8211; Pages: 28 &#8211; Run: Approx. 100 &#8211; Contents: Page 1, \u201cSan Diego Raza\u00a0Unite!,\u201d brief description [&hellip;]","og_url":"https:\/\/uniondelbarrio.org\/main\/4-2\/about-udb\/archive\/udb-newspaper-archive\/udb-newsletter-april-1984\/","og_site_name":"Uni&oacute;n del Barrio","article_publisher":"https:\/\/www.facebook.com\/UniondelBarrio\/","article_modified_time":"2014-08-22T01:11:04+00:00","og_image":[{"url":"https:\/\/uniondelbarrio.org\/main\/wp-content\/uploads\/2014\/08\/UdBNewsletter_April1984_CvrOnly-232x300.png","type":"","width":"","height":""}],"twitter_card":"summary_large_image","twitter_site":"@UniondelBarrio","twitter_misc":{"Est. reading time":"2 minutes"},"schema":{"@context":"https:\/\/schema.org","@graph":[{"@type":"WebPage","@id":"https:\/\/uniondelbarrio.org\/main\/4-2\/about-udb\/archive\/udb-newspaper-archive\/udb-newsletter-april-1984\/","url":"https:\/\/uniondelbarrio.org\/main\/4-2\/about-udb\/archive\/udb-newspaper-archive\/udb-newsletter-april-1984\/","name":"UdB Newsletter, April 1984 - Uni&oacute;n del Barrio","isPartOf":{"@id":"https:\/\/uniondelbarrio.org\/main\/#website"},"primaryImageOfPage":{"@id":"https:\/\/uniondelbarrio.org\/main\/4-2\/about-udb\/archive\/udb-newspaper-archive\/udb-newsletter-april-1984\/#primaryimage"},"image":{"@id":"https:\/\/uniondelbarrio.org\/main\/4-2\/about-udb\/archive\/udb-newspaper-archive\/udb-newsletter-april-1984\/#primaryimage"},"thumbnailUrl":"https:\/\/uniondelbarrio.org\/main\/wp-content\/uploads\/2014\/08\/UdBNewsletter_April1984_CvrOnly-232x300.png","datePublished":"2014-08-01T17:37:50+00:00","dateModified":"2014-08-22T01:11:04+00:00","breadcrumb":{"@id":"https:\/\/uniondelbarrio.org\/main\/4-2\/about-udb\/archive\/udb-newspaper-archive\/udb-newsletter-april-1984\/#breadcrumb"},"inLanguage":"en","potentialAction":[{"@type":"ReadAction","target":["https:\/\/uniondelbarrio.org\/main\/4-2\/about-udb\/archive\/udb-newspaper-archive\/udb-newsletter-april-1984\/"]}]},{"@type":"ImageObject","inLanguage":"en","@id":"https:\/\/uniondelbarrio.org\/main\/4-2\/about-udb\/archive\/udb-newspaper-archive\/udb-newsletter-april-1984\/#primaryimage","url":"https:\/\/uniondelbarrio.org\/main\/wp-content\/uploads\/2014\/08\/UdBNewsletter_April1984_CvrOnly.png","contentUrl":"https:\/\/uniondelbarrio.org\/main\/wp-content\/uploads\/2014\/08\/UdBNewsletter_April1984_CvrOnly.png","width":612,"height":788},{"@type":"BreadcrumbList","@id":"https:\/\/uniondelbarrio.org\/main\/4-2\/about-udb\/archive\/udb-newspaper-archive\/udb-newsletter-april-1984\/#breadcrumb","itemListElement":[{"@type":"ListItem","position":1,"name":"Home","item":"https:\/\/uniondelbarrio.org\/main\/"},{"@type":"ListItem","position":2,"name":"What is Uni\u00f3n del Barrio?","item":"https:\/\/uniondelbarrio.org\/main\/4-2\/about-udb\/"},{"@type":"ListItem","position":3,"name":"Archive","item":"https:\/\/uniondelbarrio.org\/main\/4-2\/about-udb\/archive\/"},{"@type":"ListItem","position":4,"name":"UdB Newspaper Archive","item":"https:\/\/uniondelbarrio.org\/main\/4-2\/about-udb\/archive\/udb-newspaper-archive\/"},{"@type":"ListItem","position":5,"name":"UdB Newsletter, April 1984"}]},{"@type":"WebSite","@id":"https:\/\/uniondelbarrio.org\/main\/#website","url":"https:\/\/uniondelbarrio.org\/main\/","name":"Uni&oacute;n del Barrio","description":"Concientizaci&oacute;n, Organizaci&oacute;n, Acci&oacute;n, y Liberaci&oacute;n","potentialAction":[{"@type":"SearchAction","target":{"@type":"EntryPoint","urlTemplate":"https:\/\/uniondelbarrio.org\/main\/?s={search_term_string}"},"query-input":{"@type":"PropertyValueSpecification","valueRequired":true,"valueName":"search_term_string"}}],"inLanguage":"en"}]}},"_links":{"self":[{"href":"https:\/\/uniondelbarrio.org\/main\/wp-json\/wp\/v2\/pages\/357","targetHints":{"allow":["GET"]}}],"collection":[{"href":"https:\/\/uniondelbarrio.org\/main\/wp-json\/wp\/v2\/pages"}],"about":[{"href":"https:\/\/uniondelbarrio.org\/main\/wp-json\/wp\/v2\/types\/page"}],"author":[{"embeddable":true,"href":"https:\/\/uniondelbarrio.org\/main\/wp-json\/wp\/v2\/users\/1"}],"replies":[{"embeddable":true,"href":"https:\/\/uniondelbarrio.org\/main\/wp-json\/wp\/v2\/comments?post=357"}],"version-history":[{"count":14,"href":"https:\/\/uniondelbarrio.org\/main\/wp-json\/wp\/v2\/pages\/357\/revisions"}],"predecessor-version":[{"id":372,"href":"https:\/\/uniondelbarrio.org\/main\/wp-json\/wp\/v2\/pages\/357\/revisions\/372"}],"up":[{"embeddable":true,"href":"https:\/\/uniondelbarrio.org\/main\/wp-json\/wp\/v2\/pages\/334"}],"wp:attachment":[{"href":"https:\/\/uniondelbarrio.org\/main\/wp-json\/wp\/v2\/media?parent=357"}],"curies":[{"name":"wp","href":"https:\/\/api.w.org\/{rel}","templated":true}]}}