{"id":4946,"date":"2024-04-26T19:39:21","date_gmt":"2024-04-27T02:39:21","guid":{"rendered":"https:\/\/uniondelbarrio.org\/main\/?page_id=4946"},"modified":"2024-04-26T20:39:52","modified_gmt":"2024-04-27T03:39:52","slug":"final-congressional-report-informe-central","status":"publish","type":"page","link":"https:\/\/uniondelbarrio.org\/main\/4-2\/pe\/final-congressional-report-informe-central\/","title":{"rendered":"Final Congressional Report &#8211; Informe Central"},"content":{"rendered":"<hr \/>\n<h3 style=\"text-align: center;\"><strong>VII Congreso Nacional<\/strong><\/h3>\n<h3 style=\"text-align: center;\"><strong>Uni\u00f3n del Barrio<\/strong><\/h3>\n<hr \/>\n<h3 style=\"text-align: center;\"><span style=\"color: #800000;\"><em>La Urgencia del Momento Hist\u00f3rico Requiere Construir Lo Que A\u00fan No Se Ha Logrado Construir:<\/em> <\/span><\/h3>\n<h3 style=\"text-align: center;\"><span style=\"color: #800000;\">From Existential Crises, To Organized Self-Defense. Only When We Protect Our Communities, Can We Recover Part Of What We\u2019ve Lost<\/span><\/h3>\n<hr \/>\n<h3 style=\"text-align: center;\"><a href=\"https:\/\/uniondelbarrio.org\/main\/wp-content\/uploads\/2024\/04\/UdBVIICong_InformeCentralBooklet_042024.pdf\">Click here download a PDF of the complete Informe Central<\/a>.<\/h3>\n<p style=\"text-align: center;\"><a href=\"https:\/\/uniondelbarrio.org\/main\/wp-content\/uploads\/2024\/04\/UdBVIICong_InformeCentralBooklet_042024.pdf\"><img loading=\"lazy\" decoding=\"async\" class=\"aligncenter wp-image-4963\" src=\"https:\/\/uniondelbarrio.org\/main\/wp-content\/uploads\/2024\/04\/VIICongreso_InformeCentralCoverImage-795x1024.png\" alt=\"\" width=\"383\" height=\"493\" srcset=\"https:\/\/uniondelbarrio.org\/main\/wp-content\/uploads\/2024\/04\/VIICongreso_InformeCentralCoverImage-795x1024.png 795w, https:\/\/uniondelbarrio.org\/main\/wp-content\/uploads\/2024\/04\/VIICongreso_InformeCentralCoverImage-233x300.png 233w, https:\/\/uniondelbarrio.org\/main\/wp-content\/uploads\/2024\/04\/VIICongreso_InformeCentralCoverImage-768x990.png 768w, https:\/\/uniondelbarrio.org\/main\/wp-content\/uploads\/2024\/04\/VIICongreso_InformeCentralCoverImage.png 936w\" sizes=\"auto, (max-width: 383px) 100vw, 383px\" \/><\/a><\/p>\n<hr \/>\n<h3 style=\"text-align: center;\">Table of Contents<\/h3>\n<p style=\"text-align: center;\">Introduction.\u00a0\u00a0\u00a0\u00a0 04<br \/>\nWho Is La Raza In 2024.\u00a0\u00a0 \u00a0 06<br \/>\nExternal Crises &amp; Settler Colonialism.\u00a0 \u00a0\u00a0 15<br \/>\nInternal Crises &amp; Self-Loathing. \u00a0 \u00a0 32<br \/>\nUnite Or Perish. \u00a0 \u00a0 46<br \/>\nConclusions.\u00a0\u00a0 \u00a0\u00a0 47<br \/>\nReferences\u00a0\u00a0\u00a0\u00a0\u00a0 51<br \/>\nInformation about Uni\u00f3n del Barrio.\u00a0\u00a0\u00a0\u00a0 53<\/p>\n<hr \/>\n<p style=\"text-align: center;\"><a href=\"https:\/\/www.paypal.com\/donate\/?hosted_button_id=LPR76JAQ832J2\">Make A Donation<\/a> To Uni\u00f3n del Barrio &#8211; La Verdad Publications:<\/p>\n<p style=\"text-align: center;\"><a href=\"https:\/\/www.paypal.com\/donate\/?hosted_button_id=LPR76JAQ832J2\"><img loading=\"lazy\" decoding=\"async\" class=\"aligncenter wp-image-4959\" src=\"https:\/\/uniondelbarrio.org\/main\/wp-content\/uploads\/2024\/04\/UdB_DonationQRCode.png\" alt=\"\" width=\"200\" height=\"200\" srcset=\"https:\/\/uniondelbarrio.org\/main\/wp-content\/uploads\/2024\/04\/UdB_DonationQRCode.png 256w, https:\/\/uniondelbarrio.org\/main\/wp-content\/uploads\/2024\/04\/UdB_DonationQRCode-150x150.png 150w\" sizes=\"auto, (max-width: 200px) 100vw, 200px\" \/><\/a><\/p>\n<p style=\"text-align: center;\">\n","protected":false},"excerpt":{"rendered":"<p>VII Congreso Nacional Uni\u00f3n del Barrio La Urgencia del Momento Hist\u00f3rico Requiere Construir Lo Que A\u00fan No Se Ha Logrado Construir: From Existential Crises, To Organized Self-Defense. Only When We Protect Our Communities, Can We Recover Part Of What We\u2019ve Lost Click here download a PDF of the complete Informe Central. Table of Contents Introduction.\u00a0\u00a0\u00a0\u00a0 [&hellip;]<\/p>\n","protected":false},"author":1,"featured_media":4963,"parent":19,"menu_order":0,"comment_status":"closed","ping_status":"closed","template":"","meta":{"footnotes":""},"class_list":["post-4946","page","type-page","status-publish","has-post-thumbnail","hentry"],"yoast_head":"<!-- This site is optimized with the Yoast SEO plugin v27.4 - https:\/\/yoast.com\/product\/yoast-seo-wordpress\/ -->\n<title>Final Congressional Report - Informe Central - Uni&oacute;n del Barrio<\/title>\n<meta name=\"robots\" content=\"index, follow, max-snippet:-1, max-image-preview:large, max-video-preview:-1\" \/>\n<link rel=\"canonical\" href=\"https:\/\/uniondelbarrio.org\/main\/4-2\/pe\/final-congressional-report-informe-central\/\" \/>\n<meta property=\"og:locale\" content=\"en_US\" \/>\n<meta property=\"og:type\" content=\"article\" \/>\n<meta property=\"og:title\" content=\"Final Congressional Report - Informe Central - Uni&oacute;n del Barrio\" \/>\n<meta property=\"og:description\" content=\"VII Congreso Nacional Uni\u00f3n del Barrio La Urgencia del Momento Hist\u00f3rico Requiere Construir Lo Que A\u00fan No Se Ha Logrado Construir: From Existential Crises, To Organized Self-Defense. Only When We Protect Our Communities, Can We Recover Part Of What We\u2019ve Lost Click here download a PDF of the complete Informe Central. Table of Contents Introduction.\u00a0\u00a0\u00a0\u00a0 [&hellip;]\" \/>\n<meta property=\"og:url\" content=\"https:\/\/uniondelbarrio.org\/main\/4-2\/pe\/final-congressional-report-informe-central\/\" \/>\n<meta property=\"og:site_name\" content=\"Uni&oacute;n del Barrio\" \/>\n<meta property=\"article:publisher\" content=\"https:\/\/www.facebook.com\/UniondelBarrio\/\" \/>\n<meta property=\"article:modified_time\" content=\"2024-04-27T03:39:52+00:00\" \/>\n<meta property=\"og:image\" content=\"https:\/\/uniondelbarrio.org\/main\/wp-content\/uploads\/2024\/04\/VIICongreso_InformeCentralCoverImage.png\" \/>\n\t<meta property=\"og:image:width\" content=\"936\" \/>\n\t<meta property=\"og:image:height\" content=\"1206\" \/>\n\t<meta property=\"og:image:type\" content=\"image\/png\" \/>\n<meta name=\"twitter:card\" content=\"summary_large_image\" \/>\n<meta name=\"twitter:site\" content=\"@UniondelBarrio\" \/>\n<meta name=\"twitter:label1\" content=\"Est. reading time\" \/>\n\t<meta name=\"twitter:data1\" content=\"2 minutes\" \/>\n<script type=\"application\/ld+json\" class=\"yoast-schema-graph\">{\"@context\":\"https:\\\/\\\/schema.org\",\"@graph\":[{\"@type\":\"WebPage\",\"@id\":\"https:\\\/\\\/uniondelbarrio.org\\\/main\\\/4-2\\\/pe\\\/final-congressional-report-informe-central\\\/\",\"url\":\"https:\\\/\\\/uniondelbarrio.org\\\/main\\\/4-2\\\/pe\\\/final-congressional-report-informe-central\\\/\",\"name\":\"Final Congressional Report - Informe Central - Uni&oacute;n del Barrio\",\"isPartOf\":{\"@id\":\"https:\\\/\\\/uniondelbarrio.org\\\/main\\\/#website\"},\"primaryImageOfPage\":{\"@id\":\"https:\\\/\\\/uniondelbarrio.org\\\/main\\\/4-2\\\/pe\\\/final-congressional-report-informe-central\\\/#primaryimage\"},\"image\":{\"@id\":\"https:\\\/\\\/uniondelbarrio.org\\\/main\\\/4-2\\\/pe\\\/final-congressional-report-informe-central\\\/#primaryimage\"},\"thumbnailUrl\":\"https:\\\/\\\/uniondelbarrio.org\\\/main\\\/wp-content\\\/uploads\\\/2024\\\/04\\\/VIICongreso_InformeCentralCoverImage.png\",\"datePublished\":\"2024-04-27T02:39:21+00:00\",\"dateModified\":\"2024-04-27T03:39:52+00:00\",\"breadcrumb\":{\"@id\":\"https:\\\/\\\/uniondelbarrio.org\\\/main\\\/4-2\\\/pe\\\/final-congressional-report-informe-central\\\/#breadcrumb\"},\"inLanguage\":\"en\",\"potentialAction\":[{\"@type\":\"ReadAction\",\"target\":[\"https:\\\/\\\/uniondelbarrio.org\\\/main\\\/4-2\\\/pe\\\/final-congressional-report-informe-central\\\/\"]}]},{\"@type\":\"ImageObject\",\"inLanguage\":\"en\",\"@id\":\"https:\\\/\\\/uniondelbarrio.org\\\/main\\\/4-2\\\/pe\\\/final-congressional-report-informe-central\\\/#primaryimage\",\"url\":\"https:\\\/\\\/uniondelbarrio.org\\\/main\\\/wp-content\\\/uploads\\\/2024\\\/04\\\/VIICongreso_InformeCentralCoverImage.png\",\"contentUrl\":\"https:\\\/\\\/uniondelbarrio.org\\\/main\\\/wp-content\\\/uploads\\\/2024\\\/04\\\/VIICongreso_InformeCentralCoverImage.png\",\"width\":936,\"height\":1206},{\"@type\":\"BreadcrumbList\",\"@id\":\"https:\\\/\\\/uniondelbarrio.org\\\/main\\\/4-2\\\/pe\\\/final-congressional-report-informe-central\\\/#breadcrumb\",\"itemListElement\":[{\"@type\":\"ListItem\",\"position\":1,\"name\":\"Home\",\"item\":\"https:\\\/\\\/uniondelbarrio.org\\\/main\\\/\"},{\"@type\":\"ListItem\",\"position\":2,\"name\":\"Political Education\",\"item\":\"https:\\\/\\\/uniondelbarrio.org\\\/main\\\/4-2\\\/pe\\\/\"},{\"@type\":\"ListItem\",\"position\":3,\"name\":\"Final Congressional Report &#8211; Informe Central\"}]},{\"@type\":\"WebSite\",\"@id\":\"https:\\\/\\\/uniondelbarrio.org\\\/main\\\/#website\",\"url\":\"https:\\\/\\\/uniondelbarrio.org\\\/main\\\/\",\"name\":\"Uni&oacute;n del Barrio\",\"description\":\"Concientizaci&oacute;n, Organizaci&oacute;n, Acci&oacute;n, y Liberaci&oacute;n\",\"potentialAction\":[{\"@type\":\"SearchAction\",\"target\":{\"@type\":\"EntryPoint\",\"urlTemplate\":\"https:\\\/\\\/uniondelbarrio.org\\\/main\\\/?s={search_term_string}\"},\"query-input\":{\"@type\":\"PropertyValueSpecification\",\"valueRequired\":true,\"valueName\":\"search_term_string\"}}],\"inLanguage\":\"en\"}]}<\/script>\n<!-- \/ Yoast SEO plugin. -->","yoast_head_json":{"title":"Final Congressional Report - Informe Central - Uni&oacute;n del Barrio","robots":{"index":"index","follow":"follow","max-snippet":"max-snippet:-1","max-image-preview":"max-image-preview:large","max-video-preview":"max-video-preview:-1"},"canonical":"https:\/\/uniondelbarrio.org\/main\/4-2\/pe\/final-congressional-report-informe-central\/","og_locale":"en_US","og_type":"article","og_title":"Final Congressional Report - Informe Central - Uni&oacute;n del Barrio","og_description":"VII Congreso Nacional Uni\u00f3n del Barrio La Urgencia del Momento Hist\u00f3rico Requiere Construir Lo Que A\u00fan No Se Ha Logrado Construir: From Existential Crises, To Organized Self-Defense. Only When We Protect Our Communities, Can We Recover Part Of What We\u2019ve Lost Click here download a PDF of the complete Informe Central. Table of Contents Introduction.\u00a0\u00a0\u00a0\u00a0 [&hellip;]","og_url":"https:\/\/uniondelbarrio.org\/main\/4-2\/pe\/final-congressional-report-informe-central\/","og_site_name":"Uni&oacute;n del Barrio","article_publisher":"https:\/\/www.facebook.com\/UniondelBarrio\/","article_modified_time":"2024-04-27T03:39:52+00:00","og_image":[{"width":936,"height":1206,"url":"https:\/\/uniondelbarrio.org\/main\/wp-content\/uploads\/2024\/04\/VIICongreso_InformeCentralCoverImage.png","type":"image\/png"}],"twitter_card":"summary_large_image","twitter_site":"@UniondelBarrio","twitter_misc":{"Est. reading time":"2 minutes"},"schema":{"@context":"https:\/\/schema.org","@graph":[{"@type":"WebPage","@id":"https:\/\/uniondelbarrio.org\/main\/4-2\/pe\/final-congressional-report-informe-central\/","url":"https:\/\/uniondelbarrio.org\/main\/4-2\/pe\/final-congressional-report-informe-central\/","name":"Final Congressional Report - Informe Central - Uni&oacute;n del Barrio","isPartOf":{"@id":"https:\/\/uniondelbarrio.org\/main\/#website"},"primaryImageOfPage":{"@id":"https:\/\/uniondelbarrio.org\/main\/4-2\/pe\/final-congressional-report-informe-central\/#primaryimage"},"image":{"@id":"https:\/\/uniondelbarrio.org\/main\/4-2\/pe\/final-congressional-report-informe-central\/#primaryimage"},"thumbnailUrl":"https:\/\/uniondelbarrio.org\/main\/wp-content\/uploads\/2024\/04\/VIICongreso_InformeCentralCoverImage.png","datePublished":"2024-04-27T02:39:21+00:00","dateModified":"2024-04-27T03:39:52+00:00","breadcrumb":{"@id":"https:\/\/uniondelbarrio.org\/main\/4-2\/pe\/final-congressional-report-informe-central\/#breadcrumb"},"inLanguage":"en","potentialAction":[{"@type":"ReadAction","target":["https:\/\/uniondelbarrio.org\/main\/4-2\/pe\/final-congressional-report-informe-central\/"]}]},{"@type":"ImageObject","inLanguage":"en","@id":"https:\/\/uniondelbarrio.org\/main\/4-2\/pe\/final-congressional-report-informe-central\/#primaryimage","url":"https:\/\/uniondelbarrio.org\/main\/wp-content\/uploads\/2024\/04\/VIICongreso_InformeCentralCoverImage.png","contentUrl":"https:\/\/uniondelbarrio.org\/main\/wp-content\/uploads\/2024\/04\/VIICongreso_InformeCentralCoverImage.png","width":936,"height":1206},{"@type":"BreadcrumbList","@id":"https:\/\/uniondelbarrio.org\/main\/4-2\/pe\/final-congressional-report-informe-central\/#breadcrumb","itemListElement":[{"@type":"ListItem","position":1,"name":"Home","item":"https:\/\/uniondelbarrio.org\/main\/"},{"@type":"ListItem","position":2,"name":"Political Education","item":"https:\/\/uniondelbarrio.org\/main\/4-2\/pe\/"},{"@type":"ListItem","position":3,"name":"Final Congressional Report &#8211; Informe Central"}]},{"@type":"WebSite","@id":"https:\/\/uniondelbarrio.org\/main\/#website","url":"https:\/\/uniondelbarrio.org\/main\/","name":"Uni&oacute;n del Barrio","description":"Concientizaci&oacute;n, Organizaci&oacute;n, Acci&oacute;n, y Liberaci&oacute;n","potentialAction":[{"@type":"SearchAction","target":{"@type":"EntryPoint","urlTemplate":"https:\/\/uniondelbarrio.org\/main\/?s={search_term_string}"},"query-input":{"@type":"PropertyValueSpecification","valueRequired":true,"valueName":"search_term_string"}}],"inLanguage":"en"}]}},"_links":{"self":[{"href":"https:\/\/uniondelbarrio.org\/main\/wp-json\/wp\/v2\/pages\/4946","targetHints":{"allow":["GET"]}}],"collection":[{"href":"https:\/\/uniondelbarrio.org\/main\/wp-json\/wp\/v2\/pages"}],"about":[{"href":"https:\/\/uniondelbarrio.org\/main\/wp-json\/wp\/v2\/types\/page"}],"author":[{"embeddable":true,"href":"https:\/\/uniondelbarrio.org\/main\/wp-json\/wp\/v2\/users\/1"}],"replies":[{"embeddable":true,"href":"https:\/\/uniondelbarrio.org\/main\/wp-json\/wp\/v2\/comments?post=4946"}],"version-history":[{"count":21,"href":"https:\/\/uniondelbarrio.org\/main\/wp-json\/wp\/v2\/pages\/4946\/revisions"}],"predecessor-version":[{"id":4970,"href":"https:\/\/uniondelbarrio.org\/main\/wp-json\/wp\/v2\/pages\/4946\/revisions\/4970"}],"up":[{"embeddable":true,"href":"https:\/\/uniondelbarrio.org\/main\/wp-json\/wp\/v2\/pages\/19"}],"wp:featuredmedia":[{"embeddable":true,"href":"https:\/\/uniondelbarrio.org\/main\/wp-json\/wp\/v2\/media\/4963"}],"wp:attachment":[{"href":"https:\/\/uniondelbarrio.org\/main\/wp-json\/wp\/v2\/media?parent=4946"}],"curies":[{"name":"wp","href":"https:\/\/api.w.org\/{rel}","templated":true}]}}