{"id":80,"date":"2014-07-28T22:19:07","date_gmt":"2014-07-29T05:19:07","guid":{"rendered":"https:\/\/uniondelbarrio.org\/main\/?page_id=80"},"modified":"2018-08-28T20:59:18","modified_gmt":"2018-08-29T03:59:18","slug":"i-from-alaska-to-chile-we-are-one-people-without-borders","status":"publish","type":"page","link":"https:\/\/uniondelbarrio.org\/main\/4-2\/about-udb\/political-program\/who-we-are\/i-from-alaska-to-chile-we-are-one-people-without-borders\/","title":{"rendered":"I. From Alaska to Chile &#8211; We Are One People Without Borders"},"content":{"rendered":"<p><a href=\"https:\/\/uniondelbarrio.org\/main\/wp-content\/uploads\/2014\/07\/FrasedelChe.png\"><img loading=\"lazy\" decoding=\"async\" class=\"alignleft wp-image-942 size-medium\" src=\"https:\/\/uniondelbarrio.org\/main\/wp-content\/uploads\/2014\/07\/FrasedelChe-298x300.png\" alt=\"FrasedelChe\" width=\"298\" height=\"300\" srcset=\"https:\/\/uniondelbarrio.org\/main\/wp-content\/uploads\/2014\/07\/FrasedelChe-298x300.png 298w, https:\/\/uniondelbarrio.org\/main\/wp-content\/uploads\/2014\/07\/FrasedelChe-150x150.png 150w, https:\/\/uniondelbarrio.org\/main\/wp-content\/uploads\/2014\/07\/FrasedelChe.png 525w\" sizes=\"auto, (max-width: 298px) 100vw, 298px\" \/><\/a>We see ourselves as descendants of indigenous people and heirs to an indigenous struggle against colonial domination. We hope to unite all oppressed people in Aztlan\/M\u00e9xico Ocupado, regardless of national origin and citizenship, to join the process of building a revolutionary, reunified, and socialist M\u00e9xico; ultimately advancing Sim\u00f3n Bol\u00edvar\u2019s dream of a unified continent.<\/p>\n<p>Within the borders of the United States, we have historically suffered under colonial oppression, isolation, and dehumanizing conditions. As a consequence, the need to struggle against these harsh realities led to the emergence of different terms used to identify ourselves. Mexican American, Latin American, Latina\/o, Hispana\/o, Raza, and Chicana\/o, are examples of some of these identifiers. Terms such as La Raza and Chicana\/Chicano have progressive connotations that were widely used during the Chicano Power movement. Even today, these terms are used in a positive and political fashion. We recognize the historical and political significance of La Raza and Chicana\/Chicano, and will ourselves use them when appropriate or necessary. Nevertheless, as a revolutionary organization struggling within the current borders of the United States, we believe that specific national identifiers such as \u201cMexicana\/o\u201d, \u201cSalvadore\u00f1a\/o\u201d, \u201cChilena\/o\u201d, and collectively La Raza, best cover the historical, geographic, and cultural range of our movement. We see our diverse national identities as the foundation of a unified continental identity covering all of Nuestra Am\u00e9rica.<\/p>\n<p>We hold that the struggle of La Raza in Aztlan\/M\u00e9xico Ocupado is historically and geographically defined as an indigenous and Mexicano anti-colonial fight for land and socialism. However, we also recognize the colonial experiences of many of our gente in Aztlan\/M\u00e9xico Ocupado has impacted, over time, the social, political, and economic characteristics of La Raza. As an organization, we were born from of the Chicano Movement, but with a clear understanding that our fight did not begin in the 1960\u2019s. Since 1492 when Columbus set foot on these lands, indigenous people have resisted foreign occupation and struggled for self-determination. We see this resistance as the beginning of our movement, and today we continue to struggle for the liberation of Nuestra Am\u00e9rica. We are Raza Internationalists, and we welcome all people who accept this political program into Uni\u00f3n del Barrio, including those that are not of Mexican descent. Following the example of Ernesto \u201cChe\u201d Guevara, we see it as the revolutionary duty of all freedom loving people to fight on the side of La Raza within the current borders of the United States..<\/p>\n<p>GO TO WHO WE ARE, POINT II: &#8220;<a title=\"II. This is \u201cNuestra Am\u00e9rica\u201d \u2013 We Are Indigenous Nations\" href=\"https:\/\/uniondelbarrio.org\/main\/?page_id=82\">This is \u201cNuestra Am\u00e9rica\u201d \u2013 We Are Indigenous Nations.<\/a>&#8220;<\/p>\n","protected":false},"excerpt":{"rendered":"<p>We see ourselves as descendants of indigenous people and heirs to an indigenous struggle against colonial domination. We hope to unite all oppressed people in Aztlan\/M\u00e9xico Ocupado, regardless of national origin and citizenship, to join the process of building a revolutionary, reunified, and socialist M\u00e9xico; ultimately advancing Sim\u00f3n Bol\u00edvar\u2019s dream of a unified continent. Within [&hellip;]<\/p>\n","protected":false},"author":1,"featured_media":0,"parent":76,"menu_order":1,"comment_status":"closed","ping_status":"closed","template":"page-templates\/page-program.php","meta":{"footnotes":""},"class_list":["post-80","page","type-page","status-publish","hentry"],"yoast_head":"<!-- This site is optimized with the Yoast SEO plugin v27.4 - https:\/\/yoast.com\/product\/yoast-seo-wordpress\/ -->\n<title>I. From Alaska to Chile - We Are One People Without Borders - Uni&oacute;n del Barrio<\/title>\n<meta name=\"robots\" content=\"index, follow, max-snippet:-1, max-image-preview:large, max-video-preview:-1\" \/>\n<link rel=\"canonical\" href=\"https:\/\/uniondelbarrio.org\/main\/4-2\/about-udb\/political-program\/who-we-are\/i-from-alaska-to-chile-we-are-one-people-without-borders\/\" \/>\n<meta property=\"og:locale\" content=\"en_US\" \/>\n<meta property=\"og:type\" content=\"article\" \/>\n<meta property=\"og:title\" content=\"I. From Alaska to Chile - We Are One People Without Borders - Uni&oacute;n del Barrio\" \/>\n<meta property=\"og:description\" content=\"We see ourselves as descendants of indigenous people and heirs to an indigenous struggle against colonial domination. We hope to unite all oppressed people in Aztlan\/M\u00e9xico Ocupado, regardless of national origin and citizenship, to join the process of building a revolutionary, reunified, and socialist M\u00e9xico; ultimately advancing Sim\u00f3n Bol\u00edvar\u2019s dream of a unified continent. Within [&hellip;]\" \/>\n<meta property=\"og:url\" content=\"https:\/\/uniondelbarrio.org\/main\/4-2\/about-udb\/political-program\/who-we-are\/i-from-alaska-to-chile-we-are-one-people-without-borders\/\" \/>\n<meta property=\"og:site_name\" content=\"Uni&oacute;n del Barrio\" \/>\n<meta property=\"article:publisher\" content=\"https:\/\/www.facebook.com\/UniondelBarrio\/\" \/>\n<meta property=\"article:modified_time\" content=\"2018-08-29T03:59:18+00:00\" \/>\n<meta property=\"og:image\" content=\"https:\/\/uniondelbarrio.org\/main\/wp-content\/uploads\/2014\/07\/FrasedelChe-298x300.png\" \/>\n<meta name=\"twitter:card\" content=\"summary_large_image\" \/>\n<meta name=\"twitter:site\" content=\"@UniondelBarrio\" \/>\n<meta name=\"twitter:label1\" content=\"Est. reading time\" \/>\n\t<meta name=\"twitter:data1\" content=\"2 minutes\" \/>\n<script type=\"application\/ld+json\" class=\"yoast-schema-graph\">{\"@context\":\"https:\\\/\\\/schema.org\",\"@graph\":[{\"@type\":\"WebPage\",\"@id\":\"https:\\\/\\\/uniondelbarrio.org\\\/main\\\/4-2\\\/about-udb\\\/political-program\\\/who-we-are\\\/i-from-alaska-to-chile-we-are-one-people-without-borders\\\/\",\"url\":\"https:\\\/\\\/uniondelbarrio.org\\\/main\\\/4-2\\\/about-udb\\\/political-program\\\/who-we-are\\\/i-from-alaska-to-chile-we-are-one-people-without-borders\\\/\",\"name\":\"I. From Alaska to Chile - We Are One People Without Borders - Uni&oacute;n del Barrio\",\"isPartOf\":{\"@id\":\"https:\\\/\\\/uniondelbarrio.org\\\/main\\\/#website\"},\"primaryImageOfPage\":{\"@id\":\"https:\\\/\\\/uniondelbarrio.org\\\/main\\\/4-2\\\/about-udb\\\/political-program\\\/who-we-are\\\/i-from-alaska-to-chile-we-are-one-people-without-borders\\\/#primaryimage\"},\"image\":{\"@id\":\"https:\\\/\\\/uniondelbarrio.org\\\/main\\\/4-2\\\/about-udb\\\/political-program\\\/who-we-are\\\/i-from-alaska-to-chile-we-are-one-people-without-borders\\\/#primaryimage\"},\"thumbnailUrl\":\"https:\\\/\\\/uniondelbarrio.org\\\/main\\\/wp-content\\\/uploads\\\/2014\\\/07\\\/FrasedelChe-298x300.png\",\"datePublished\":\"2014-07-29T05:19:07+00:00\",\"dateModified\":\"2018-08-29T03:59:18+00:00\",\"breadcrumb\":{\"@id\":\"https:\\\/\\\/uniondelbarrio.org\\\/main\\\/4-2\\\/about-udb\\\/political-program\\\/who-we-are\\\/i-from-alaska-to-chile-we-are-one-people-without-borders\\\/#breadcrumb\"},\"inLanguage\":\"en\",\"potentialAction\":[{\"@type\":\"ReadAction\",\"target\":[\"https:\\\/\\\/uniondelbarrio.org\\\/main\\\/4-2\\\/about-udb\\\/political-program\\\/who-we-are\\\/i-from-alaska-to-chile-we-are-one-people-without-borders\\\/\"]}]},{\"@type\":\"ImageObject\",\"inLanguage\":\"en\",\"@id\":\"https:\\\/\\\/uniondelbarrio.org\\\/main\\\/4-2\\\/about-udb\\\/political-program\\\/who-we-are\\\/i-from-alaska-to-chile-we-are-one-people-without-borders\\\/#primaryimage\",\"url\":\"https:\\\/\\\/uniondelbarrio.org\\\/main\\\/wp-content\\\/uploads\\\/2014\\\/07\\\/FrasedelChe.png\",\"contentUrl\":\"https:\\\/\\\/uniondelbarrio.org\\\/main\\\/wp-content\\\/uploads\\\/2014\\\/07\\\/FrasedelChe.png\",\"width\":525,\"height\":527},{\"@type\":\"BreadcrumbList\",\"@id\":\"https:\\\/\\\/uniondelbarrio.org\\\/main\\\/4-2\\\/about-udb\\\/political-program\\\/who-we-are\\\/i-from-alaska-to-chile-we-are-one-people-without-borders\\\/#breadcrumb\",\"itemListElement\":[{\"@type\":\"ListItem\",\"position\":1,\"name\":\"Home\",\"item\":\"https:\\\/\\\/uniondelbarrio.org\\\/main\\\/\"},{\"@type\":\"ListItem\",\"position\":2,\"name\":\"What is Uni\u00f3n del Barrio?\",\"item\":\"https:\\\/\\\/uniondelbarrio.org\\\/main\\\/4-2\\\/about-udb\\\/\"},{\"@type\":\"ListItem\",\"position\":3,\"name\":\"A Program For Political Direction, Consciousness Raising &#038; Liberation Struggle\",\"item\":\"https:\\\/\\\/uniondelbarrio.org\\\/main\\\/4-2\\\/about-udb\\\/political-program\\\/\"},{\"@type\":\"ListItem\",\"position\":4,\"name\":\"Who We Are\",\"item\":\"https:\\\/\\\/uniondelbarrio.org\\\/main\\\/4-2\\\/about-udb\\\/political-program\\\/who-we-are\\\/\"},{\"@type\":\"ListItem\",\"position\":5,\"name\":\"I. From Alaska to Chile &#8211; We Are One People Without Borders\"}]},{\"@type\":\"WebSite\",\"@id\":\"https:\\\/\\\/uniondelbarrio.org\\\/main\\\/#website\",\"url\":\"https:\\\/\\\/uniondelbarrio.org\\\/main\\\/\",\"name\":\"Uni&oacute;n del Barrio\",\"description\":\"Concientizaci&oacute;n, Organizaci&oacute;n, Acci&oacute;n, y Liberaci&oacute;n\",\"potentialAction\":[{\"@type\":\"SearchAction\",\"target\":{\"@type\":\"EntryPoint\",\"urlTemplate\":\"https:\\\/\\\/uniondelbarrio.org\\\/main\\\/?s={search_term_string}\"},\"query-input\":{\"@type\":\"PropertyValueSpecification\",\"valueRequired\":true,\"valueName\":\"search_term_string\"}}],\"inLanguage\":\"en\"}]}<\/script>\n<!-- \/ Yoast SEO plugin. -->","yoast_head_json":{"title":"I. From Alaska to Chile - We Are One People Without Borders - Uni&oacute;n del Barrio","robots":{"index":"index","follow":"follow","max-snippet":"max-snippet:-1","max-image-preview":"max-image-preview:large","max-video-preview":"max-video-preview:-1"},"canonical":"https:\/\/uniondelbarrio.org\/main\/4-2\/about-udb\/political-program\/who-we-are\/i-from-alaska-to-chile-we-are-one-people-without-borders\/","og_locale":"en_US","og_type":"article","og_title":"I. From Alaska to Chile - We Are One People Without Borders - Uni&oacute;n del Barrio","og_description":"We see ourselves as descendants of indigenous people and heirs to an indigenous struggle against colonial domination. We hope to unite all oppressed people in Aztlan\/M\u00e9xico Ocupado, regardless of national origin and citizenship, to join the process of building a revolutionary, reunified, and socialist M\u00e9xico; ultimately advancing Sim\u00f3n Bol\u00edvar\u2019s dream of a unified continent. Within [&hellip;]","og_url":"https:\/\/uniondelbarrio.org\/main\/4-2\/about-udb\/political-program\/who-we-are\/i-from-alaska-to-chile-we-are-one-people-without-borders\/","og_site_name":"Uni&oacute;n del Barrio","article_publisher":"https:\/\/www.facebook.com\/UniondelBarrio\/","article_modified_time":"2018-08-29T03:59:18+00:00","og_image":[{"url":"https:\/\/uniondelbarrio.org\/main\/wp-content\/uploads\/2014\/07\/FrasedelChe-298x300.png","type":"","width":"","height":""}],"twitter_card":"summary_large_image","twitter_site":"@UniondelBarrio","twitter_misc":{"Est. reading time":"2 minutes"},"schema":{"@context":"https:\/\/schema.org","@graph":[{"@type":"WebPage","@id":"https:\/\/uniondelbarrio.org\/main\/4-2\/about-udb\/political-program\/who-we-are\/i-from-alaska-to-chile-we-are-one-people-without-borders\/","url":"https:\/\/uniondelbarrio.org\/main\/4-2\/about-udb\/political-program\/who-we-are\/i-from-alaska-to-chile-we-are-one-people-without-borders\/","name":"I. From Alaska to Chile - We Are One People Without Borders - Uni&oacute;n del Barrio","isPartOf":{"@id":"https:\/\/uniondelbarrio.org\/main\/#website"},"primaryImageOfPage":{"@id":"https:\/\/uniondelbarrio.org\/main\/4-2\/about-udb\/political-program\/who-we-are\/i-from-alaska-to-chile-we-are-one-people-without-borders\/#primaryimage"},"image":{"@id":"https:\/\/uniondelbarrio.org\/main\/4-2\/about-udb\/political-program\/who-we-are\/i-from-alaska-to-chile-we-are-one-people-without-borders\/#primaryimage"},"thumbnailUrl":"https:\/\/uniondelbarrio.org\/main\/wp-content\/uploads\/2014\/07\/FrasedelChe-298x300.png","datePublished":"2014-07-29T05:19:07+00:00","dateModified":"2018-08-29T03:59:18+00:00","breadcrumb":{"@id":"https:\/\/uniondelbarrio.org\/main\/4-2\/about-udb\/political-program\/who-we-are\/i-from-alaska-to-chile-we-are-one-people-without-borders\/#breadcrumb"},"inLanguage":"en","potentialAction":[{"@type":"ReadAction","target":["https:\/\/uniondelbarrio.org\/main\/4-2\/about-udb\/political-program\/who-we-are\/i-from-alaska-to-chile-we-are-one-people-without-borders\/"]}]},{"@type":"ImageObject","inLanguage":"en","@id":"https:\/\/uniondelbarrio.org\/main\/4-2\/about-udb\/political-program\/who-we-are\/i-from-alaska-to-chile-we-are-one-people-without-borders\/#primaryimage","url":"https:\/\/uniondelbarrio.org\/main\/wp-content\/uploads\/2014\/07\/FrasedelChe.png","contentUrl":"https:\/\/uniondelbarrio.org\/main\/wp-content\/uploads\/2014\/07\/FrasedelChe.png","width":525,"height":527},{"@type":"BreadcrumbList","@id":"https:\/\/uniondelbarrio.org\/main\/4-2\/about-udb\/political-program\/who-we-are\/i-from-alaska-to-chile-we-are-one-people-without-borders\/#breadcrumb","itemListElement":[{"@type":"ListItem","position":1,"name":"Home","item":"https:\/\/uniondelbarrio.org\/main\/"},{"@type":"ListItem","position":2,"name":"What is Uni\u00f3n del Barrio?","item":"https:\/\/uniondelbarrio.org\/main\/4-2\/about-udb\/"},{"@type":"ListItem","position":3,"name":"A Program For Political Direction, Consciousness Raising &#038; Liberation Struggle","item":"https:\/\/uniondelbarrio.org\/main\/4-2\/about-udb\/political-program\/"},{"@type":"ListItem","position":4,"name":"Who We Are","item":"https:\/\/uniondelbarrio.org\/main\/4-2\/about-udb\/political-program\/who-we-are\/"},{"@type":"ListItem","position":5,"name":"I. From Alaska to Chile &#8211; We Are One People Without Borders"}]},{"@type":"WebSite","@id":"https:\/\/uniondelbarrio.org\/main\/#website","url":"https:\/\/uniondelbarrio.org\/main\/","name":"Uni&oacute;n del Barrio","description":"Concientizaci&oacute;n, Organizaci&oacute;n, Acci&oacute;n, y Liberaci&oacute;n","potentialAction":[{"@type":"SearchAction","target":{"@type":"EntryPoint","urlTemplate":"https:\/\/uniondelbarrio.org\/main\/?s={search_term_string}"},"query-input":{"@type":"PropertyValueSpecification","valueRequired":true,"valueName":"search_term_string"}}],"inLanguage":"en"}]}},"_links":{"self":[{"href":"https:\/\/uniondelbarrio.org\/main\/wp-json\/wp\/v2\/pages\/80","targetHints":{"allow":["GET"]}}],"collection":[{"href":"https:\/\/uniondelbarrio.org\/main\/wp-json\/wp\/v2\/pages"}],"about":[{"href":"https:\/\/uniondelbarrio.org\/main\/wp-json\/wp\/v2\/types\/page"}],"author":[{"embeddable":true,"href":"https:\/\/uniondelbarrio.org\/main\/wp-json\/wp\/v2\/users\/1"}],"replies":[{"embeddable":true,"href":"https:\/\/uniondelbarrio.org\/main\/wp-json\/wp\/v2\/comments?post=80"}],"version-history":[{"count":8,"href":"https:\/\/uniondelbarrio.org\/main\/wp-json\/wp\/v2\/pages\/80\/revisions"}],"predecessor-version":[{"id":3512,"href":"https:\/\/uniondelbarrio.org\/main\/wp-json\/wp\/v2\/pages\/80\/revisions\/3512"}],"up":[{"embeddable":true,"href":"https:\/\/uniondelbarrio.org\/main\/wp-json\/wp\/v2\/pages\/76"}],"wp:attachment":[{"href":"https:\/\/uniondelbarrio.org\/main\/wp-json\/wp\/v2\/media?parent=80"}],"curies":[{"name":"wp","href":"https:\/\/api.w.org\/{rel}","templated":true}]}}